CRAN Package Check Results for Package qrjoint

Last updated on 2025-04-30 04:50:15 CEST.

Flavor Version Tinstall Tcheck Ttotal Status Flags
r-devel-linux-x86_64-debian-clang 2.0-9 14.53 95.63 110.16 NOTE
r-devel-linux-x86_64-debian-gcc 2.0-9 9.62 67.92 77.54 NOTE
r-devel-linux-x86_64-fedora-clang 2.0-9 169.07 OK
r-devel-linux-x86_64-fedora-gcc 2.0-9 165.04 OK
r-devel-windows-x86_64 2.0-9 17.00 107.00 124.00 NOTE
r-patched-linux-x86_64 2.0-9 14.65 90.87 105.52 NOTE
r-release-linux-x86_64 2.0-9 13.59 88.54 102.13 NOTE
r-release-macos-arm64 2.0-9 49.00 OK
r-release-macos-x86_64 2.0-9 124.00 OK
r-release-windows-x86_64 2.0-9 17.00 105.00 122.00 NOTE
r-oldrel-macos-arm64 2.0-9 44.00 OK
r-oldrel-macos-x86_64 2.0-9 78.00 OK
r-oldrel-windows-x86_64 2.0-9 20.00 130.00 150.00 OK

Check Details

Version: 2.0-9
Check: CRAN incoming feasibility
Result: NOTE Maintainer: ‘Surya Tokdar <surya.tokdar@duke.edu>’ No Authors@R field in DESCRIPTION. Please add one, modifying Authors@R: c(person(given = "Surya", family = "Tokdar", role = c("aut", "cre"), email = "surya.tokdar@duke.edu"), person(given = "Erika", family = "Cunningham", role = "aut", email = "erika.ball@duke.edu")) as necessary. Flavors: r-devel-linux-x86_64-debian-clang, r-devel-linux-x86_64-debian-gcc

Version: 2.0-9
Check: Rd cross-references
Result: NOTE Found the following Rd file(s) with Rd \link{} targets missing package anchors: qde.Rd: rq qrjoint.Rd: rq summary.qde.Rd: geweke.diag summary.qrjoint.Rd: geweke.diag Please provide package anchors for all Rd \link{} targets not in the package itself and the base packages. Flavors: r-devel-linux-x86_64-debian-clang, r-devel-linux-x86_64-debian-gcc, r-devel-windows-x86_64, r-patched-linux-x86_64, r-release-linux-x86_64, r-release-windows-x86_64