Last updated on 2025-04-30 04:50:15 CEST.
Flavor | Version | Tinstall | Tcheck | Ttotal | Status | Flags |
---|---|---|---|---|---|---|
r-devel-linux-x86_64-debian-clang | 0.2.0 | 9.11 | 99.68 | 108.79 | NOTE | |
r-devel-linux-x86_64-debian-gcc | 0.2.0 | 5.70 | 71.65 | 77.35 | NOTE | |
r-devel-linux-x86_64-fedora-clang | 0.2.0 | 169.45 | NOTE | |||
r-devel-linux-x86_64-fedora-gcc | 0.2.0 | 175.45 | NOTE | |||
r-devel-windows-x86_64 | 0.2.0 | 11.00 | 112.00 | 123.00 | NOTE | |
r-patched-linux-x86_64 | 0.2.0 | 8.67 | 94.29 | 102.96 | NOTE | |
r-release-linux-x86_64 | 0.2.0 | 8.24 | 93.54 | 101.78 | NOTE | |
r-release-macos-arm64 | 0.2.0 | 51.00 | NOTE | |||
r-release-macos-x86_64 | 0.2.0 | 106.00 | NOTE | |||
r-release-windows-x86_64 | 0.2.0 | 12.00 | 104.00 | 116.00 | NOTE | |
r-oldrel-macos-arm64 | 0.2.0 | 50.00 | OK | |||
r-oldrel-macos-x86_64 | 0.2.0 | 86.00 | OK | |||
r-oldrel-windows-x86_64 | 0.2.0 | 14.00 | 138.00 | 152.00 | OK |
Version: 0.2.0
Check: DESCRIPTION meta-information
Result: NOTE
Missing dependency on R >= 4.2.0 because package code uses the pipe
placeholder syntax added in R 4.2.0.
File(s) using such syntax:
‘all_new_functions.R’
Flavors: r-devel-linux-x86_64-debian-clang, r-devel-linux-x86_64-debian-gcc, r-devel-linux-x86_64-fedora-clang, r-devel-linux-x86_64-fedora-gcc, r-devel-windows-x86_64, r-patched-linux-x86_64, r-release-linux-x86_64, r-release-macos-arm64, r-release-macos-x86_64, r-release-windows-x86_64
Version: 0.2.0
Check: examples
Result: NOTE
Examples with CPU (user + system) or elapsed time > 5s
user system elapsed
make_qrcode 9.101 0.28 11.625
Flavor: r-devel-linux-x86_64-debian-clang
Version: 0.2.0
Check: examples
Result: NOTE
Examples with CPU (user + system) or elapsed time > 5s
user system elapsed
make_qrcode 5.445 0.23 8.362
Flavor: r-devel-linux-x86_64-debian-gcc