Last updated on 2025-04-30 04:50:15 CEST.
Flavor | Version | Tinstall | Tcheck | Ttotal | Status | Flags |
---|---|---|---|---|---|---|
r-devel-linux-x86_64-debian-clang | 0.9.0 | 7.42 | 83.65 | 91.07 | NOTE | |
r-devel-linux-x86_64-debian-gcc | 0.9.0 | 5.39 | 60.89 | 66.28 | NOTE | |
r-devel-linux-x86_64-fedora-clang | 0.9.0 | 145.33 | OK | |||
r-devel-linux-x86_64-fedora-gcc | 0.9.0 | 142.09 | OK | |||
r-devel-windows-x86_64 | 0.9.0 | 9.00 | 99.00 | 108.00 | OK | |
r-patched-linux-x86_64 | 0.9.0 | 6.56 | 79.41 | 85.97 | OK | |
r-release-linux-x86_64 | 0.9.0 | 6.56 | 81.31 | 87.87 | OK | |
r-release-macos-arm64 | 0.9.0 | 41.00 | OK | |||
r-release-macos-x86_64 | 0.9.0 | 104.00 | OK | |||
r-release-windows-x86_64 | 0.9.0 | 10.00 | 96.00 | 106.00 | OK | |
r-oldrel-macos-arm64 | 0.9.0 | 38.00 | OK | |||
r-oldrel-macos-x86_64 | 0.9.0 | 63.00 | OK | |||
r-oldrel-windows-x86_64 | 0.9.0 | 10.00 | 113.00 | 123.00 | OK |
Version: 0.9.0
Check: CRAN incoming feasibility
Result: NOTE
Maintainer: ‘Maria de los Angeles Resa <maria@stat.columbia.edu>’
No Authors@R field in DESCRIPTION.
Please add one, modifying
Authors@R: c(person(given = c("Maria", "de", "los", "Angeles"),
family = "Resa",
role = c("aut", "cre"),
email = "maria@stat.columbia.edu"),
person(given = "Birol",
family = "Emir",
role = "aut"),
person(given = "Javier",
family = "Cabrera",
role = "aut"))
as necessary.
Flavors: r-devel-linux-x86_64-debian-clang, r-devel-linux-x86_64-debian-gcc
Version: 0.9.0
Check: examples
Result: NOTE
Examples with CPU (user + system) or elapsed time > 5s
user system elapsed
plot.qrmix 5.939 0.048 8.844
qrmix 5.920 0.066 8.383
summary.qrmix 5.137 0.005 6.874
predict.qrmix 4.519 0.018 6.623
Flavor: r-devel-linux-x86_64-debian-clang