Last updated on 2025-04-30 04:50:15 CEST.
Flavor | Version | Tinstall | Tcheck | Ttotal | Status | Flags |
---|---|---|---|---|---|---|
r-devel-linux-x86_64-debian-clang | 1.1.3 | 6.43 | 47.06 | 53.49 | NOTE | |
r-devel-linux-x86_64-debian-gcc | 1.1.3 | 4.33 | 35.36 | 39.69 | NOTE | |
r-devel-linux-x86_64-fedora-clang | 1.1.3 | 79.96 | OK | |||
r-devel-linux-x86_64-fedora-gcc | 1.1.3 | 76.55 | OK | |||
r-devel-windows-x86_64 | 1.1.3 | 8.00 | 71.00 | 79.00 | OK | |
r-patched-linux-x86_64 | 1.1.3 | 6.21 | 43.60 | 49.81 | OK | |
r-release-linux-x86_64 | 1.1.3 | 5.51 | 43.64 | 49.15 | OK | |
r-release-macos-arm64 | 1.1.3 | 29.00 | OK | |||
r-release-macos-x86_64 | 1.1.3 | 47.00 | OK | |||
r-release-windows-x86_64 | 1.1.3 | 9.00 | 68.00 | 77.00 | OK | |
r-oldrel-macos-arm64 | 1.1.3 | 29.00 | OK | |||
r-oldrel-macos-x86_64 | 1.1.3 | 41.00 | OK | |||
r-oldrel-windows-x86_64 | 1.1.3 | 9.00 | 76.00 | 85.00 | OK |
Version: 1.1.3
Check: CRAN incoming feasibility
Result: NOTE
Maintainer: ‘Robrecht Cannoodt <rcannood@gmail.com>’
Package CITATION file contains call(s) to old-style citEntry(). Please
use bibentry() instead.
Flavors: r-devel-linux-x86_64-debian-clang, r-devel-linux-x86_64-debian-gcc
Version: 1.1.3
Check: DESCRIPTION meta-information
Result: NOTE
Author field differs from that derived from Authors@R
Author: ‘Robrecht Cannoodt [aut, cre] (<https://orcid.org/0000-0003-3641-729X>, rcannood), Wouter Saelens [aut] (<https://orcid.org/0000-0002-7114-6248>, zouter)’
Authors@R: ‘Robrecht Cannoodt [aut, cre] (ORCID: <https://orcid.org/0000-0003-3641-729X>, github: rcannood), Wouter Saelens [aut] (ORCID: <https://orcid.org/0000-0002-7114-6248>, github: zouter)’
Flavors: r-devel-linux-x86_64-debian-clang, r-devel-linux-x86_64-debian-gcc