CRAN Package Check Results for Package qtl

Last updated on 2025-04-30 04:50:15 CEST.

Flavor Version Tinstall Tcheck Ttotal Status Flags
r-devel-linux-x86_64-debian-clang 1.70 75.34 322.27 397.61 NOTE
r-devel-linux-x86_64-debian-gcc 1.70 54.93 210.86 265.79 OK
r-devel-linux-x86_64-fedora-clang 1.70 651.56 OK
r-devel-linux-x86_64-fedora-gcc 1.70 654.69 OK
r-devel-windows-x86_64 1.70 98.00 389.00 487.00 OK
r-patched-linux-x86_64 1.70 78.85 303.88 382.73 OK
r-release-linux-x86_64 1.70 71.45 305.26 376.71 OK
r-release-macos-arm64 1.70 154.00 OK
r-release-macos-x86_64 1.70 323.00 OK
r-release-windows-x86_64 1.70 100.00 381.00 481.00 OK
r-oldrel-macos-arm64 1.70 153.00 NOTE
r-oldrel-macos-x86_64 1.70 599.00 NOTE
r-oldrel-windows-x86_64 1.70 114.00 444.00 558.00 NOTE

Check Details

Version: 1.70
Check: examples
Result: NOTE Examples with CPU (user + system) or elapsed time > 5s user system elapsed plot.scantwoperm 4.213 0.004 5.275 Flavor: r-devel-linux-x86_64-debian-clang

Version: 1.70
Check: installed package size
Result: NOTE installed size is 11.5Mb sub-directories of 1Mb or more: R 2.1Mb contrib 3.7Mb doc 3.0Mb libs 1.3Mb Flavors: r-oldrel-macos-arm64, r-oldrel-macos-x86_64, r-oldrel-windows-x86_64