Last updated on 2025-04-30 04:50:15 CEST.
Flavor | Version | Tinstall | Tcheck | Ttotal | Status | Flags |
---|---|---|---|---|---|---|
r-devel-linux-x86_64-debian-clang | 1.4.3 | 68.64 | 92.97 | 161.61 | NOTE | |
r-devel-linux-x86_64-debian-gcc | 1.4.3 | 57.67 | 69.53 | 127.20 | NOTE | |
r-devel-linux-x86_64-fedora-clang | 1.4.3 | 279.70 | OK | |||
r-devel-linux-x86_64-fedora-gcc | 1.4.3 | 313.70 | OK | |||
r-devel-windows-x86_64 | 1.4.3 | 81.00 | 132.00 | 213.00 | OK | |
r-patched-linux-x86_64 | 1.4.3 | 80.82 | 97.47 | 178.29 | OK | |
r-release-linux-x86_64 | 1.4.3 | 76.13 | 96.48 | 172.61 | OK | |
r-release-macos-arm64 | 1.4.3 | 76.00 | OK | |||
r-release-macos-x86_64 | 1.4.3 | 120.00 | OK | |||
r-release-windows-x86_64 | 1.4.3 | 81.00 | 138.00 | 219.00 | OK | |
r-oldrel-macos-arm64 | 1.4.3 | 75.00 | NOTE | |||
r-oldrel-macos-x86_64 | 1.4.3 | 107.00 | NOTE | |||
r-oldrel-windows-x86_64 | 1.4.3 | 86.00 | 165.00 | 251.00 | NOTE |
Version: 1.4.3
Check: CRAN incoming feasibility
Result: NOTE
Maintainer: ‘Frederick J Boehm <frederick.boehm@gmail.com>’
Package CITATION file contains call(s) to old-style personList() or
as.personList(). Please use c() on person objects instead.
Package CITATION file contains call(s) to old-style citEntry(). Please
use bibentry() instead.
Flavors: r-devel-linux-x86_64-debian-clang, r-devel-linux-x86_64-debian-gcc
Version: 1.4.3
Check: installed package size
Result: NOTE
installed size is 27.2Mb
sub-directories of 1Mb or more:
libs 26.9Mb
Flavors: r-oldrel-macos-arm64, r-oldrel-macos-x86_64
Version: 1.4.3
Check: LazyData
Result: NOTE
'LazyData' is specified without a 'data' directory
Flavors: r-oldrel-macos-arm64, r-oldrel-macos-x86_64, r-oldrel-windows-x86_64