Last updated on 2025-04-30 04:50:15 CEST.
Flavor | Version | Tinstall | Tcheck | Ttotal | Status | Flags |
---|---|---|---|---|---|---|
r-devel-linux-x86_64-debian-clang | 0.16 | 4.16 | 39.50 | 43.66 | NOTE | |
r-devel-linux-x86_64-debian-gcc | 0.16 | 2.78 | 29.75 | 32.53 | NOTE | |
r-devel-linux-x86_64-fedora-clang | 0.16 | 67.12 | OK | |||
r-devel-linux-x86_64-fedora-gcc | 0.16 | 64.48 | OK | |||
r-devel-windows-x86_64 | 0.16 | 15.00 | 61.00 | 76.00 | OK | |
r-patched-linux-x86_64 | 0.16 | 4.81 | 36.21 | 41.02 | OK | |
r-release-linux-x86_64 | 0.16 | 4.18 | 35.84 | 40.02 | OK | |
r-release-macos-arm64 | 0.16 | 26.00 | OK | |||
r-release-macos-x86_64 | 0.16 | 50.00 | OK | |||
r-release-windows-x86_64 | 0.16 | 16.00 | 67.00 | 83.00 | OK | |
r-oldrel-macos-arm64 | 0.16 | 26.00 | OK | |||
r-oldrel-macos-x86_64 | 0.16 | 43.00 | OK | |||
r-oldrel-windows-x86_64 | 0.16 | 18.00 | 67.00 | 85.00 | OK |
Version: 0.16
Check: CRAN incoming feasibility
Result: NOTE
Maintainer: ‘Karl W Broman <broman@wisc.edu>’
Package CITATION file contains call(s) to old-style personList() or
as.personList(). Please use c() on person objects instead.
Package CITATION file contains call(s) to old-style citEntry(). Please
use bibentry() instead.
Flavors: r-devel-linux-x86_64-debian-clang, r-devel-linux-x86_64-debian-gcc