Last updated on 2025-04-30 04:50:15 CEST.
Flavor | Version | Tinstall | Tcheck | Ttotal | Status | Flags |
---|---|---|---|---|---|---|
r-devel-linux-x86_64-debian-clang | 1.0.4 | 8.72 | 64.47 | 73.19 | NOTE | |
r-devel-linux-x86_64-debian-gcc | 1.0.4 | 5.53 | 44.91 | 50.44 | NOTE | |
r-devel-linux-x86_64-fedora-clang | 1.0.4 | 113.61 | OK | |||
r-devel-linux-x86_64-fedora-gcc | 1.0.4 | 124.26 | OK | |||
r-devel-windows-x86_64 | 1.0.4 | 10.00 | 104.00 | 114.00 | OK | |
r-patched-linux-x86_64 | 1.0.4 | 7.81 | 61.11 | 68.92 | OK | |
r-release-linux-x86_64 | 1.0.4 | 8.09 | 60.44 | 68.53 | OK | |
r-release-macos-arm64 | 1.0.4 | 48.00 | OK | |||
r-release-macos-x86_64 | 1.0.4 | 104.00 | OK | |||
r-release-windows-x86_64 | 1.0.4 | 10.00 | 100.00 | 110.00 | OK | |
r-oldrel-macos-arm64 | 1.0.4 | 40.00 | OK | |||
r-oldrel-macos-x86_64 | 1.0.4 | 82.00 | OK | |||
r-oldrel-windows-x86_64 | 1.0.4 | 10.00 | 105.00 | 115.00 | OK |
Version: 1.0.4
Check: CRAN incoming feasibility
Result: NOTE
Maintainer: ‘Brian S. Yandell <brian.yandell@wisc.edu>’
No Authors@R field in DESCRIPTION.
Please add one, modifying
Authors@R: c(person(given = c("Elias", "Chaibub"),
family = "Neto",
role = "aut",
email = "echaibub@hotmail.com"),
person(given = c("Brian", "S"),
family = "Yandell",
role = "aut",
email = "brian.yandell@wisc.edu"),
person(given = c("Brian", "S."),
family = "Yandell",
role = "cre",
email = "brian.yandell@wisc.edu"))
as necessary.
Flavors: r-devel-linux-x86_64-debian-clang, r-devel-linux-x86_64-debian-gcc