Last updated on 2025-04-30 04:50:15 CEST.
Flavor | Version | Tinstall | Tcheck | Ttotal | Status | Flags |
---|---|---|---|---|---|---|
r-devel-linux-x86_64-debian-clang | 0.1.0 | 2.61 | 22.47 | 25.08 | NOTE | |
r-devel-linux-x86_64-debian-gcc | 0.1.0 | 2.32 | 18.16 | 20.48 | NOTE | |
r-devel-linux-x86_64-fedora-clang | 0.1.0 | 36.95 | OK | |||
r-devel-linux-x86_64-fedora-gcc | 0.1.0 | 35.15 | OK | |||
r-devel-windows-x86_64 | 0.1.0 | 4.00 | 46.00 | 50.00 | OK | |
r-patched-linux-x86_64 | 0.1.0 | 2.64 | 20.36 | 23.00 | OK | |
r-release-linux-x86_64 | 0.1.0 | 2.48 | 20.61 | 23.09 | OK | |
r-release-macos-arm64 | 0.1.0 | 17.00 | OK | |||
r-release-macos-x86_64 | 0.1.0 | 28.00 | OK | |||
r-release-windows-x86_64 | 0.1.0 | 4.00 | 44.00 | 48.00 | OK | |
r-oldrel-macos-arm64 | 0.1.0 | 18.00 | OK | |||
r-oldrel-macos-x86_64 | 0.1.0 | 25.00 | OK | |||
r-oldrel-windows-x86_64 | 0.1.0 | 4.00 | 46.00 | 50.00 | OK |
Version: 0.1.0
Check: CRAN incoming feasibility
Result: NOTE
Maintainer: ‘Andrew Heiss <andrew@andrewheiss.com>’
Found the following (possibly) invalid file URI:
URI: CONDUCT.md
From: README.md
Flavors: r-devel-linux-x86_64-debian-clang, r-devel-linux-x86_64-debian-gcc