Last updated on 2025-04-30 04:50:15 CEST.
Flavor | Version | Tinstall | Tcheck | Ttotal | Status | Flags |
---|---|---|---|---|---|---|
r-devel-linux-x86_64-debian-clang | 0.1.0 | 7.70 | 143.59 | 151.29 | NOTE | |
r-devel-linux-x86_64-debian-gcc | 0.1.0 | 4.83 | 95.60 | 100.43 | OK | |
r-devel-linux-x86_64-fedora-clang | 0.1.0 | 245.44 | OK | |||
r-devel-linux-x86_64-fedora-gcc | 0.1.0 | 250.20 | OK | |||
r-devel-windows-x86_64 | 0.1.0 | 9.00 | 154.00 | 163.00 | OK | |
r-patched-linux-x86_64 | 0.1.0 | 8.26 | 134.58 | 142.84 | OK | |
r-release-linux-x86_64 | 0.1.0 | 6.61 | 135.09 | 141.70 | OK | |
r-release-macos-arm64 | 0.1.0 | 72.00 | OK | |||
r-release-macos-x86_64 | 0.1.0 | 164.00 | OK | |||
r-release-windows-x86_64 | 0.1.0 | 12.00 | 143.00 | 155.00 | OK | |
r-oldrel-macos-arm64 | 0.1.0 | 73.00 | OK | |||
r-oldrel-macos-x86_64 | 0.1.0 | 156.00 | OK | |||
r-oldrel-windows-x86_64 | 0.1.0 | 13.00 | 189.00 | 202.00 | OK |
Version: 0.1.0
Check: examples
Result: NOTE
Examples with CPU (user + system) or elapsed time > 5s
user system elapsed
grid_to_polygon 4.438 0.065 5.598
quadkey_to_polygon 4.337 0.047 5.795
quadkey_df_to_polygon 4.146 0.004 5.191
Flavor: r-devel-linux-x86_64-debian-clang