Last updated on 2025-04-30 04:50:15 CEST.
Flavor | Version | Tinstall | Tcheck | Ttotal | Status | Flags |
---|---|---|---|---|---|---|
r-devel-linux-x86_64-debian-clang | 0.2-12 | 88.58 | 147.56 | 236.14 | OK | |
r-devel-linux-x86_64-debian-gcc | 0.2-12 | 66.70 | 101.13 | 167.83 | OK | |
r-devel-linux-x86_64-fedora-clang | 0.2-12 | 243.13 | OK | |||
r-devel-linux-x86_64-fedora-gcc | 0.2-12 | 413.65 | OK | |||
r-devel-windows-x86_64 | 0.2-12 | 101.00 | 183.00 | 284.00 | OK | |
r-patched-linux-x86_64 | 0.2-12 | 93.87 | 140.92 | 234.79 | OK | |
r-release-linux-x86_64 | 0.2-12 | 89.70 | 145.54 | 235.24 | OK | |
r-release-macos-arm64 | 0.2-12 | 96.00 | OK | |||
r-release-macos-x86_64 | 0.2-12 | 180.00 | OK | |||
r-release-windows-x86_64 | 0.2-12 | 106.00 | 183.00 | 289.00 | OK | |
r-oldrel-macos-arm64 | 0.2-12 | 114.00 | NOTE | |||
r-oldrel-macos-x86_64 | 0.2-12 | 205.00 | NOTE | |||
r-oldrel-windows-x86_64 | 0.2-12 | 116.00 | 228.00 | 344.00 | OK |
Version: 0.2-12
Check: installed package size
Result: NOTE
installed size is 7.9Mb
sub-directories of 1Mb or more:
libs 7.4Mb
Flavors: r-oldrel-macos-arm64, r-oldrel-macos-x86_64