Last updated on 2025-04-30 04:50:15 CEST.
Flavor | Version | Tinstall | Tcheck | Ttotal | Status | Flags |
---|---|---|---|---|---|---|
r-devel-linux-x86_64-debian-clang | 1.0.0 | 7.17 | 88.85 | 96.02 | NOTE | |
r-devel-linux-x86_64-debian-gcc | 1.0.0 | 5.86 | 61.21 | 67.07 | OK | |
r-devel-linux-x86_64-fedora-clang | 1.0.0 | 154.20 | OK | |||
r-devel-linux-x86_64-fedora-gcc | 1.0.0 | 152.87 | OK | |||
r-devel-windows-x86_64 | 1.0.0 | 9.00 | 97.00 | 106.00 | OK | |
r-patched-linux-x86_64 | 1.0.0 | 6.75 | 83.65 | 90.40 | OK | |
r-release-linux-x86_64 | 1.0.0 | 7.37 | 83.71 | 91.08 | OK | |
r-release-macos-arm64 | 1.0.0 | 40.00 | OK | |||
r-release-macos-x86_64 | 1.0.0 | 100.00 | OK | |||
r-release-windows-x86_64 | 1.0.0 | 8.00 | 97.00 | 105.00 | OK | |
r-oldrel-macos-arm64 | 1.0.0 | 43.00 | OK | |||
r-oldrel-macos-x86_64 | 1.0.0 | 78.00 | OK | |||
r-oldrel-windows-x86_64 | 1.0.0 | 11.00 | 122.00 | 133.00 | OK |
Version: 1.0.0
Check: examples
Result: NOTE
Examples with CPU (user + system) or elapsed time > 5s
user system elapsed
fourCurv 5.851 0.000 7.402
compareCurv 4.978 0.000 6.481
CentCurv 4.384 0.011 5.348
polylocLinData 4.077 0.000 5.385
Flavor: r-devel-linux-x86_64-debian-clang