Last updated on 2025-02-21 03:52:23 CET.
Flavor | Version | Tinstall | Tcheck | Ttotal | Status | Flags |
---|---|---|---|---|---|---|
r-devel-linux-x86_64-debian-clang | 0.1.0 | 2.37 | 45.45 | 47.82 | OK | |
r-devel-linux-x86_64-debian-gcc | 0.1.0 | 2.07 | 33.69 | 35.76 | OK | |
r-devel-linux-x86_64-fedora-clang | 0.1.0 | 76.13 | OK | |||
r-devel-linux-x86_64-fedora-gcc | 0.1.0 | 73.24 | OK | |||
r-devel-macos-arm64 | 0.1.0 | 25.00 | OK | |||
r-devel-macos-x86_64 | 0.1.0 | 49.00 | OK | |||
r-devel-windows-x86_64 | 0.1.0 | 4.00 | 62.00 | 66.00 | OK | |
r-patched-linux-x86_64 | 0.1.0 | 2.88 | 42.08 | 44.96 | NOTE | |
r-release-linux-x86_64 | 0.1.0 | 2.14 | 42.04 | 44.18 | NOTE | |
r-release-macos-arm64 | 0.1.0 | 24.00 | NOTE | |||
r-release-macos-x86_64 | 0.1.0 | 40.00 | NOTE | |||
r-release-windows-x86_64 | 0.1.0 | 4.00 | 60.00 | 64.00 | NOTE | |
r-oldrel-macos-arm64 | 0.1.0 | 26.00 | NOTE | |||
r-oldrel-macos-x86_64 | 0.1.0 | 43.00 | NOTE | |||
r-oldrel-windows-x86_64 | 0.1.0 | 5.00 | 70.00 | 75.00 | NOTE |
Version: 0.1.0
Check: LazyData
Result: NOTE
'LazyData' is specified without a 'data' directory
Flavors: r-patched-linux-x86_64, r-release-linux-x86_64, r-release-macos-arm64, r-release-macos-x86_64, r-release-windows-x86_64, r-oldrel-macos-arm64, r-oldrel-macos-x86_64, r-oldrel-windows-x86_64