Last updated on 2025-11-04 03:51:03 CET.
| Flavor | Version | Tinstall | Tcheck | Ttotal | Status | Flags | 
|---|---|---|---|---|---|---|
| r-devel-linux-x86_64-debian-clang | 0.1.3 | 9.73 | 81.38 | 91.11 | OK | |
| r-devel-linux-x86_64-debian-gcc | 0.1.3 | 6.91 | 57.99 | 64.90 | OK | |
| r-devel-linux-x86_64-fedora-clang | 0.1.3 | 19.00 | 117.72 | 136.72 | OK | |
| r-devel-linux-x86_64-fedora-gcc | 0.1.3 | 19.00 | 114.47 | 133.47 | OK | |
| r-devel-windows-x86_64 | 0.1.3 | 10.00 | 87.00 | 97.00 | OK | |
| r-patched-linux-x86_64 | 0.1.3 | 7.19 | 77.98 | 85.17 | OK | |
| r-release-linux-x86_64 | 0.1.3 | 7.94 | 77.55 | 85.49 | OK | |
| r-release-macos-arm64 | 0.1.3 | 4.00 | 35.00 | 39.00 | OK | |
| r-release-macos-x86_64 | 0.1.3 | 10.00 | 81.00 | 91.00 | OK | |
| r-release-windows-x86_64 | 0.1.3 | 10.00 | 87.00 | 97.00 | OK | |
| r-oldrel-macos-arm64 | 0.1.3 | 4.00 | 33.00 | 37.00 | NOTE | |
| r-oldrel-macos-x86_64 | 0.1.3 | 6.00 | 56.00 | 62.00 | NOTE | |
| r-oldrel-windows-x86_64 | 0.1.3 | 13.00 | 112.00 | 125.00 | NOTE | 
Version: 0.1.3
Check: LazyData
Result: NOTE
    'LazyData' is specified without a 'data' directory
Flavors: r-oldrel-macos-arm64, r-oldrel-macos-x86_64, r-oldrel-windows-x86_64