CRAN Package Check Results for Package quest

Last updated on 2025-04-30 04:50:15 CEST.

Flavor Version Tinstall Tcheck Ttotal Status Flags
r-devel-linux-x86_64-debian-clang 0.2.0 5.81 96.14 101.95 NOTE
r-devel-linux-x86_64-debian-gcc 0.2.0 4.69 65.19 69.88 NOTE
r-devel-linux-x86_64-fedora-clang 0.2.0 157.69 OK
r-devel-linux-x86_64-fedora-gcc 0.2.0 153.61 OK
r-devel-windows-x86_64 0.2.0 10.00 151.00 161.00 NOTE
r-patched-linux-x86_64 0.2.0 9.93 91.29 101.22 NOTE
r-release-linux-x86_64 0.2.0 5.69 91.03 96.72 NOTE
r-release-macos-arm64 0.2.0 45.00 OK
r-release-macos-x86_64 0.2.0 83.00 OK
r-release-windows-x86_64 0.2.0 10.00 149.00 159.00 NOTE
r-oldrel-macos-arm64 0.2.0 44.00 OK
r-oldrel-macos-x86_64 0.2.0 67.00 OK
r-oldrel-windows-x86_64 0.2.0 11.00 182.00 193.00 OK

Check Details

Version: 0.2.0
Check: Rd cross-references
Result: NOTE Found the following Rd file(s) with Rd \link{} targets missing package anchors: quest-package.Rd: str2str ucfa.Rd: lavaan-class Please provide package anchors for all Rd \link{} targets not in the package itself and the base packages. Flavors: r-devel-linux-x86_64-debian-clang, r-devel-linux-x86_64-debian-gcc, r-devel-windows-x86_64, r-patched-linux-x86_64, r-release-linux-x86_64, r-release-windows-x86_64

Version: 0.2.0
Check: examples
Result: NOTE Examples with CPU (user + system) or elapsed time > 5s user system elapsed gtheorys_ml 6.029 0.008 7.197 Flavor: r-devel-linux-x86_64-debian-clang