CRAN Package Check Results for Package quietR

Last updated on 2025-04-30 04:50:15 CEST.

Flavor Version Tinstall Tcheck Ttotal Status Flags
r-devel-linux-x86_64-debian-clang 0.1.0 1.64 18.72 20.36 OK
r-devel-linux-x86_64-debian-gcc 0.1.0 1.36 15.64 17.00 OK
r-devel-linux-x86_64-fedora-clang 0.1.0 31.12 OK
r-devel-linux-x86_64-fedora-gcc 0.1.0 30.02 OK
r-devel-windows-x86_64 0.1.0 2.00 51.00 53.00 OK
r-patched-linux-x86_64 0.1.0 1.59 17.97 19.56 OK
r-release-linux-x86_64 0.1.0 1.59 17.85 19.44 OK
r-release-macos-arm64 0.1.0 18.00 OK
r-release-macos-x86_64 0.1.0 25.00 OK
r-release-windows-x86_64 0.1.0 2.00 50.00 52.00 OK
r-oldrel-macos-arm64 0.1.0 16.00 NOTE
r-oldrel-macos-x86_64 0.1.0 22.00 NOTE
r-oldrel-windows-x86_64 0.1.0 2.00 47.00 49.00 NOTE

Check Details

Version: 0.1.0
Check: LazyData
Result: NOTE 'LazyData' is specified without a 'data' directory Flavors: r-oldrel-macos-arm64, r-oldrel-macos-x86_64, r-oldrel-windows-x86_64