CRAN Package Check Results for Package quietR

Last updated on 2025-02-21 03:52:23 CET.

Flavor Version Tinstall Tcheck Ttotal Status Flags
r-devel-linux-x86_64-debian-clang 0.1.0 1.50 18.03 19.53 OK
r-devel-linux-x86_64-debian-gcc 0.1.0 1.35 14.76 16.11 OK
r-devel-linux-x86_64-fedora-clang 0.1.0 31.30 OK
r-devel-linux-x86_64-fedora-gcc 0.1.0 29.92 OK
r-devel-macos-arm64 0.1.0 16.00 OK
r-devel-macos-x86_64 0.1.0 24.00 OK
r-devel-windows-x86_64 0.1.0 2.00 46.00 48.00 OK
r-patched-linux-x86_64 0.1.0 1.58 17.31 18.89 NOTE
r-release-linux-x86_64 0.1.0 1.45 17.49 18.94 NOTE
r-release-macos-arm64 0.1.0 16.00 NOTE
r-release-macos-x86_64 0.1.0 22.00 NOTE
r-release-windows-x86_64 0.1.0 3.00 46.00 49.00 NOTE
r-oldrel-macos-arm64 0.1.0 16.00 NOTE
r-oldrel-macos-x86_64 0.1.0 21.00 NOTE
r-oldrel-windows-x86_64 0.1.0 3.00 46.00 49.00 NOTE

Check Details

Version: 0.1.0
Check: LazyData
Result: NOTE 'LazyData' is specified without a 'data' directory Flavors: r-patched-linux-x86_64, r-release-linux-x86_64, r-release-macos-arm64, r-release-macos-x86_64, r-release-windows-x86_64, r-oldrel-macos-arm64, r-oldrel-macos-x86_64, r-oldrel-windows-x86_64