CRAN Package Check Results for Package qwraps2

Last updated on 2025-04-30 04:50:15 CEST.

Flavor Version Tinstall Tcheck Ttotal Status Flags
r-devel-linux-x86_64-debian-clang 0.6.1 26.00 167.01 193.01 NOTE
r-devel-linux-x86_64-debian-gcc 0.6.1 15.49 116.10 131.59 OK
r-devel-linux-x86_64-fedora-clang 0.6.1 317.57 OK
r-devel-linux-x86_64-fedora-gcc 0.6.1 311.85 OK
r-devel-windows-x86_64 0.6.1 33.00 199.00 232.00 OK
r-patched-linux-x86_64 0.6.1 23.58 161.72 185.30 OK
r-release-linux-x86_64 0.6.1 22.13 162.50 184.63 OK
r-release-macos-arm64 0.6.1 94.00 OK
r-release-macos-x86_64 0.6.1 182.00 OK
r-release-windows-x86_64 0.6.1 32.00 199.00 231.00 OK
r-oldrel-macos-arm64 0.6.1 98.00 OK
r-oldrel-macos-x86_64 0.6.1 163.00 OK
r-oldrel-windows-x86_64 0.6.1 35.00 254.00 289.00 OK

Check Details

Version: 0.6.1
Check: examples
Result: NOTE Examples with CPU (user + system) or elapsed time > 5s user system elapsed qroc-qprc 6.807 0.014 8.165 Flavor: r-devel-linux-x86_64-debian-clang