Last updated on 2025-04-30 04:50:15 CEST.
Flavor | Version | Tinstall | Tcheck | Ttotal | Status | Flags |
---|---|---|---|---|---|---|
r-devel-linux-x86_64-debian-clang | 1.1 | 2.12 | 45.92 | 48.04 | NOTE | |
r-devel-linux-x86_64-debian-gcc | 1.1 | 1.65 | 40.77 | 42.42 | NOTE | |
r-devel-linux-x86_64-fedora-clang | 1.1 | 62.52 | OK | |||
r-devel-linux-x86_64-fedora-gcc | 1.1 | 61.40 | OK | |||
r-devel-windows-x86_64 | 1.1 | 3.00 | 71.00 | 74.00 | OK | |
r-patched-linux-x86_64 | 1.1 | 2.32 | 46.37 | 48.69 | OK | |
r-release-linux-x86_64 | 1.1 | 2.05 | 44.69 | 46.74 | OK | |
r-release-macos-arm64 | 1.1 | 34.00 | OK | |||
r-release-macos-x86_64 | 1.1 | 44.00 | OK | |||
r-release-windows-x86_64 | 1.1 | 3.00 | 69.00 | 72.00 | OK | |
r-oldrel-macos-arm64 | 1.1 | 34.00 | OK | |||
r-oldrel-macos-x86_64 | 1.1 | 41.00 | OK | |||
r-oldrel-windows-x86_64 | 1.1 | 3.00 | 68.00 | 71.00 | OK |
Version: 1.1
Check: examples
Result: NOTE
Examples with CPU (user + system) or elapsed time > 5s
user system elapsed
blip.solver.tw 6.033 0.308 3.426
blip.learn.tw 5.798 0.288 4.050
blip.learn 4.908 0.252 4.464
Flavor: r-devel-linux-x86_64-debian-clang
Version: 1.1
Check: examples
Result: NOTE
Examples with CPU (user + system) or elapsed time > 5s
user system elapsed
blip.learn.tw 6.232 0.392 4.033
blip.solver.tw 5.504 0.221 3.370
Flavor: r-devel-linux-x86_64-debian-gcc