Last updated on 2025-04-30 04:50:15 CEST.
Flavor | Version | Tinstall | Tcheck | Ttotal | Status | Flags |
---|---|---|---|---|---|---|
r-devel-linux-x86_64-debian-clang | 0.3.8 | 10.81 | 92.28 | 103.09 | NOTE | |
r-devel-linux-x86_64-debian-gcc | 0.3.8 | 6.67 | 66.27 | 72.94 | OK | |
r-devel-linux-x86_64-fedora-clang | 0.3.8 | 164.05 | OK | |||
r-devel-linux-x86_64-fedora-gcc | 0.3.8 | 156.12 | OK | |||
r-devel-windows-x86_64 | 0.3.8 | 12.00 | 95.00 | 107.00 | OK | |
r-patched-linux-x86_64 | 0.3.8 | 11.37 | 88.47 | 99.84 | OK | |
r-release-linux-x86_64 | 0.3.8 | 10.18 | 88.61 | 98.79 | OK | |
r-release-macos-arm64 | 0.3.8 | 42.00 | OK | |||
r-release-macos-x86_64 | 0.3.8 | 100.00 | OK | |||
r-release-windows-x86_64 | 0.3.8 | 13.00 | 94.00 | 107.00 | OK | |
r-oldrel-macos-arm64 | 0.3.8 | 50.00 | NOTE | |||
r-oldrel-macos-x86_64 | 0.3.8 | 95.00 | NOTE | |||
r-oldrel-windows-x86_64 | 0.3.8 | 15.00 | 123.00 | 138.00 | NOTE |
Version: 0.3.8
Check: examples
Result: NOTE
Examples with CPU (user + system) or elapsed time > 5s
user system elapsed
r2mlm 5.187 0.287 6.848
Flavor: r-devel-linux-x86_64-debian-clang
Version: 0.3.8
Check: package dependencies
Result: NOTE
Package suggested but not available for checking: ‘bootmlm’
Flavors: r-oldrel-macos-arm64, r-oldrel-macos-x86_64, r-oldrel-windows-x86_64