Last updated on 2025-07-05 04:50:23 CEST.
Flavor | Version | Tinstall | Tcheck | Ttotal | Status | Flags |
---|---|---|---|---|---|---|
r-devel-linux-x86_64-debian-clang | 7.2.1-3 | 51.13 | 112.68 | 163.81 | OK | |
r-devel-linux-x86_64-debian-gcc | 7.2.1-3 | 40.24 | 76.98 | 117.22 | OK | |
r-devel-linux-x86_64-fedora-clang | 7.2.1-3 | 310.61 | OK | |||
r-devel-linux-x86_64-fedora-gcc | 7.2.1-3 | 269.08 | OK | |||
r-devel-windows-x86_64 | 7.2.1-3 | 68.00 | 174.00 | 242.00 | OK | |
r-patched-linux-x86_64 | 7.2.1-3 | 56.51 | 104.04 | 160.55 | OK | |
r-release-linux-x86_64 | 7.2.1-3 | 54.26 | 105.97 | 160.23 | OK | |
r-release-macos-arm64 | 7.2.1-3 | 86.00 | OK | |||
r-release-macos-x86_64 | 7.2.1-3 | 310.00 | OK | |||
r-release-windows-x86_64 | 7.2.1-3 | 73.00 | 164.00 | 237.00 | OK | |
r-oldrel-macos-arm64 | 7.2.1-3 | 88.00 | NOTE | |||
r-oldrel-macos-x86_64 | 7.2.1-3 | 208.00 | NOTE | |||
r-oldrel-windows-x86_64 | 7.2.1-3 | 83.00 | 197.00 | 280.00 | OK |
Version: 7.2.1-3
Check: installed package size
Result: NOTE
installed size is 5.8Mb
sub-directories of 1Mb or more:
libs 4.8Mb
Flavors: r-oldrel-macos-arm64, r-oldrel-macos-x86_64