Last updated on 2025-04-30 04:50:16 CEST.
Flavor | Version | Tinstall | Tcheck | Ttotal | Status | Flags |
---|---|---|---|---|---|---|
r-devel-linux-x86_64-debian-clang | 0.1.2 | 5.05 | 64.12 | 69.17 | OK | |
r-devel-linux-x86_64-debian-gcc | 0.1.2 | 3.59 | 49.54 | 53.13 | OK | |
r-devel-linux-x86_64-fedora-clang | 0.1.2 | 104.10 | OK | |||
r-devel-linux-x86_64-fedora-gcc | 0.1.2 | 114.68 | OK | |||
r-devel-windows-x86_64 | 0.1.2 | 10.00 | 114.00 | 124.00 | OK | |
r-patched-linux-x86_64 | 0.1.2 | 6.68 | 61.00 | 67.68 | OK | |
r-release-linux-x86_64 | 0.1.2 | 4.85 | 62.19 | 67.04 | OK | |
r-release-macos-arm64 | 0.1.2 | 47.00 | OK | |||
r-release-macos-x86_64 | 0.1.2 | 82.00 | OK | |||
r-release-windows-x86_64 | 0.1.2 | 11.00 | 110.00 | 121.00 | OK | |
r-oldrel-macos-arm64 | 0.1.2 | 53.00 | NOTE | |||
r-oldrel-macos-x86_64 | 0.1.2 | 79.00 | NOTE | |||
r-oldrel-windows-x86_64 | 0.1.2 | 12.00 | 122.00 | 134.00 | NOTE |
Version: 0.1.2
Check: installed package size
Result: NOTE
installed size is 11.5Mb
sub-directories of 1Mb or more:
doc 9.9Mb
Flavors: r-oldrel-macos-arm64, r-oldrel-macos-x86_64, r-oldrel-windows-x86_64