CRAN Package Check Results for Package rAmCharts4

Last updated on 2025-04-30 04:50:16 CEST.

Flavor Version Tinstall Tcheck Ttotal Status Flags
r-devel-linux-x86_64-debian-clang 1.6.0 9.61 65.79 75.40 OK
r-devel-linux-x86_64-debian-gcc 1.6.0 6.68 45.84 52.52 OK
r-devel-linux-x86_64-fedora-clang 1.6.0 117.64 OK
r-devel-linux-x86_64-fedora-gcc 1.6.0 112.00 OK
r-devel-windows-x86_64 1.6.0 14.00 91.00 105.00 OK
r-patched-linux-x86_64 1.6.0 10.95 62.81 73.76 OK
r-release-linux-x86_64 1.6.0 8.19 62.96 71.15 OK
r-release-macos-arm64 1.6.0 35.00 OK
r-release-macos-x86_64 1.6.0 66.00 OK
r-release-windows-x86_64 1.6.0 13.00 89.00 102.00 OK
r-oldrel-macos-arm64 1.6.0 35.00 NOTE
r-oldrel-macos-x86_64 1.6.0 55.00 NOTE
r-oldrel-windows-x86_64 1.6.0 17.00 102.00 119.00 NOTE

Check Details

Version: 1.6.0
Check: installed package size
Result: NOTE installed size is 11.4Mb sub-directories of 1Mb or more: htmlwidgets 10.0Mb super-tiny-icons 1.0Mb Flavors: r-oldrel-macos-arm64, r-oldrel-macos-x86_64, r-oldrel-windows-x86_64