Last updated on 2025-04-30 04:50:16 CEST.
Flavor | Version | Tinstall | Tcheck | Ttotal | Status | Flags |
---|---|---|---|---|---|---|
r-devel-linux-x86_64-debian-clang | 1.1 | 6.27 | 57.38 | 63.65 | NOTE | |
r-devel-linux-x86_64-debian-gcc | 1.1 | 4.98 | 42.54 | 47.52 | NOTE | |
r-devel-linux-x86_64-fedora-clang | 1.1 | 101.61 | OK | |||
r-devel-linux-x86_64-fedora-gcc | 1.1 | 94.02 | OK | |||
r-devel-windows-x86_64 | 1.1 | 8.00 | 73.00 | 81.00 | OK | |
r-patched-linux-x86_64 | 1.1 | 7.01 | 55.45 | 62.46 | OK | |
r-release-linux-x86_64 | 1.1 | 6.52 | 55.42 | 61.94 | OK | |
r-release-macos-arm64 | 1.1 | 42.00 | OK | |||
r-release-macos-x86_64 | 1.1 | 58.00 | OK | |||
r-release-windows-x86_64 | 1.1 | 7.00 | 71.00 | 78.00 | OK | |
r-oldrel-macos-arm64 | 1.1 | 31.00 | OK | |||
r-oldrel-macos-x86_64 | 1.1 | 45.00 | OK | |||
r-oldrel-windows-x86_64 | 1.1 | 10.00 | 85.00 | 95.00 | OK |
Version: 1.1
Check: CRAN incoming feasibility
Result: NOTE
Maintainer: ‘Abdelmoneim Amer Desouki <desouki@hhu.de>’
No Authors@R field in DESCRIPTION.
Please add one, modifying
Authors@R: person(given = c("Abdelmoneim", "Amer"),
family = "Desouki",
role = c("aut", "cre"),
email = "desouki@hhu.de")
as necessary.
The Description field contains
Desouki, M. Roeder, A. Ngonga (2019) <arXiv:1903.10326>.
Please refer to arXiv e-prints via their arXiv DOI <doi:10.48550/arXiv.YYMM.NNNNN>.
Flavors: r-devel-linux-x86_64-debian-clang, r-devel-linux-x86_64-debian-gcc