Last updated on 2025-04-30 04:50:16 CEST.
Flavor | Version | Tinstall | Tcheck | Ttotal | Status | Flags |
---|---|---|---|---|---|---|
r-devel-linux-x86_64-debian-clang | 0.3.5 | 6.98 | 381.26 | 388.24 | NOTE | |
r-devel-linux-x86_64-debian-gcc | 0.3.5 | 5.02 | 256.73 | 261.75 | OK | |
r-devel-linux-x86_64-fedora-clang | 0.3.5 | 587.72 | OK | |||
r-devel-linux-x86_64-fedora-gcc | 0.3.5 | 565.82 | OK | |||
r-devel-windows-x86_64 | 0.3.5 | 10.00 | 374.00 | 384.00 | OK | |
r-patched-linux-x86_64 | 0.3.5 | 6.65 | 368.58 | 375.23 | OK | |
r-release-linux-x86_64 | 0.3.5 | 7.18 | 373.09 | 380.27 | OK | |
r-release-macos-arm64 | 0.3.5 | 216.00 | OK | |||
r-release-macos-x86_64 | 0.3.5 | 387.00 | OK | |||
r-release-windows-x86_64 | 0.3.5 | 10.00 | 370.00 | 380.00 | OK | |
r-oldrel-macos-arm64 | 0.3.5 | 246.00 | OK | |||
r-oldrel-macos-x86_64 | 0.3.5 | 406.00 | OK | |||
r-oldrel-windows-x86_64 | 0.3.5 | 11.00 | 478.00 | 489.00 | OK |
Version: 0.3.5
Check: examples
Result: NOTE
Examples with CPU (user + system) or elapsed time > 5s
user system elapsed
regression_utility 5.269 0.051 6.38
statistics_list 4.896 0.040 5.25
Flavor: r-devel-linux-x86_64-debian-clang