CRAN Package Check Results for Package rCBA

Last updated on 2025-04-30 04:50:16 CEST.

Flavor Version Tinstall Tcheck Ttotal Status Flags
r-devel-linux-x86_64-debian-clang 0.4.3 7.62 87.23 94.85 NOTE
r-devel-linux-x86_64-debian-gcc 0.4.3 7.44 64.38 71.82 OK
r-devel-linux-x86_64-fedora-clang 0.4.3 156.31 OK
r-devel-linux-x86_64-fedora-gcc 0.4.3 159.78 OK
r-devel-windows-x86_64 0.4.3 10.00 93.00 103.00 OK
r-patched-linux-x86_64 0.4.3 9.54 87.13 96.67 OK
r-release-linux-x86_64 0.4.3 7.87 84.48 92.35 OK
r-release-macos-arm64 0.4.3 47.00 OK
r-release-macos-x86_64 0.4.3 79.00 OK
r-release-windows-x86_64 0.4.3 11.00 93.00 104.00 OK
r-oldrel-macos-arm64 0.4.3 43.00 NOTE
r-oldrel-macos-x86_64 0.4.3 69.00 NOTE
r-oldrel-windows-x86_64 0.4.3 13.00 112.00 125.00 NOTE

Check Details

Version: 0.4.3
Check: examples
Result: NOTE Examples with CPU (user + system) or elapsed time > 5s user system elapsed build 4.533 0.176 6.353 Flavor: r-devel-linux-x86_64-debian-clang

Version: 0.4.3
Check: LazyData
Result: NOTE 'LazyData' is specified without a 'data' directory Flavors: r-oldrel-macos-arm64, r-oldrel-macos-x86_64, r-oldrel-windows-x86_64