Last updated on 2025-04-30 04:50:17 CEST.
Flavor | Version | Tinstall | Tcheck | Ttotal | Status | Flags |
---|---|---|---|---|---|---|
r-devel-linux-x86_64-debian-clang | 0.9.6 | 6.77 | 54.77 | 61.54 | NOTE | |
r-devel-linux-x86_64-debian-gcc | 0.9.6 | 4.25 | 38.22 | 42.47 | OK | |
r-devel-linux-x86_64-fedora-clang | 0.9.6 | 98.77 | OK | |||
r-devel-linux-x86_64-fedora-gcc | 0.9.6 | 89.14 | OK | |||
r-devel-windows-x86_64 | 0.9.6 | 8.00 | 72.00 | 80.00 | OK | |
r-patched-linux-x86_64 | 0.9.6 | 6.59 | 49.72 | 56.31 | OK | |
r-release-linux-x86_64 | 0.9.6 | 6.49 | 49.68 | 56.17 | OK | |
r-release-macos-arm64 | 0.9.6 | 29.00 | OK | |||
r-release-macos-x86_64 | 0.9.6 | 55.00 | OK | |||
r-release-windows-x86_64 | 0.9.6 | 9.00 | 69.00 | 78.00 | OK | |
r-oldrel-macos-arm64 | 0.9.6 | 27.00 | NOTE | |||
r-oldrel-macos-x86_64 | 0.9.6 | 43.00 | NOTE | |||
r-oldrel-windows-x86_64 | 0.9.6 | 8.00 | 80.00 | 88.00 | NOTE |
Version: 0.9.6
Check: examples
Result: NOTE
Examples with CPU (user + system) or elapsed time > 5s
user system elapsed
FSA 5.663 0.099 6.794
Flavor: r-devel-linux-x86_64-debian-clang
Version: 0.9.6
Check: LazyData
Result: NOTE
'LazyData' is specified without a 'data' directory
Flavors: r-oldrel-macos-arm64, r-oldrel-macos-x86_64, r-oldrel-windows-x86_64