Last updated on 2025-04-30 04:50:16 CEST.
Flavor | Version | Tinstall | Tcheck | Ttotal | Status | Flags |
---|---|---|---|---|---|---|
r-devel-linux-x86_64-debian-clang | 5.0.0 | 3.44 | 20.10 | 23.54 | NOTE | |
r-devel-linux-x86_64-debian-gcc | 5.0.0 | 2.70 | 15.87 | 18.57 | NOTE | |
r-devel-linux-x86_64-fedora-clang | 5.0.0 | 37.35 | OK | |||
r-devel-linux-x86_64-fedora-gcc | 5.0.0 | 35.55 | OK | |||
r-devel-windows-x86_64 | 5.0.0 | 6.00 | 50.00 | 56.00 | OK | |
r-patched-linux-x86_64 | 5.0.0 | 3.50 | 19.02 | 22.52 | OK | |
r-release-linux-x86_64 | 5.0.0 | 3.52 | 19.08 | 22.60 | OK | |
r-release-macos-arm64 | 5.0.0 | 19.00 | OK | |||
r-release-macos-x86_64 | 5.0.0 | 27.00 | OK | |||
r-release-windows-x86_64 | 5.0.0 | 6.00 | 51.00 | 57.00 | OK | |
r-oldrel-macos-arm64 | 5.0.0 | 16.00 | OK | |||
r-oldrel-macos-x86_64 | 5.0.0 | 25.00 | OK | |||
r-oldrel-windows-x86_64 | 5.0.0 | 6.00 | 49.00 | 55.00 | OK |
Version: 5.0.0
Check: CRAN incoming feasibility
Result: NOTE
Maintainer: ‘Miron Bartosz Kursa <M.Kursa@icm.edu.pl>’
Package CITATION file contains call(s) to old-style personList() or
as.personList(). Please use c() on person objects instead.
Package CITATION file contains call(s) to old-style citEntry(). Please
use bibentry() instead.
Flavors: r-devel-linux-x86_64-debian-clang, r-devel-linux-x86_64-debian-gcc