CRAN Package Check Results for Package rKolada

Last updated on 2025-04-30 04:50:17 CEST.

Flavor Version Tinstall Tcheck Ttotal Status Flags
r-devel-linux-x86_64-debian-clang 0.2.3 3.52 47.01 50.53 NOTE
r-devel-linux-x86_64-debian-gcc 0.2.3 2.74 37.95 40.69 NOTE
r-devel-linux-x86_64-fedora-clang 0.2.3 82.58 NOTE
r-devel-linux-x86_64-fedora-gcc 0.2.3 88.14 NOTE
r-devel-windows-x86_64 0.2.3 6.00 81.00 87.00 NOTE
r-patched-linux-x86_64 0.2.3 3.83 44.65 48.48 NOTE
r-release-linux-x86_64 0.2.3 3.13 44.51 47.64 NOTE
r-release-macos-arm64 0.2.3 57.00 NOTE
r-release-macos-x86_64 0.2.3 84.00 NOTE
r-release-windows-x86_64 0.2.3 7.00 80.00 87.00 NOTE
r-oldrel-macos-arm64 0.2.3 59.00 OK
r-oldrel-macos-x86_64 0.2.3 99.00 OK
r-oldrel-windows-x86_64 0.2.3 7.00 93.00 100.00 OK

Check Details

Version: 0.2.3
Check: DESCRIPTION meta-information
Result: NOTE Missing dependency on R >= 4.1.0 because package code uses the pipe |> or function shorthand \(...) syntax added in R 4.1.0. File(s) using such syntax: ‘higher_order_metadata.R’ Flavors: r-devel-linux-x86_64-debian-clang, r-devel-linux-x86_64-debian-gcc, r-devel-linux-x86_64-fedora-clang, r-devel-linux-x86_64-fedora-gcc, r-devel-windows-x86_64, r-patched-linux-x86_64, r-release-linux-x86_64, r-release-macos-arm64, r-release-macos-x86_64, r-release-windows-x86_64