Last updated on 2025-04-30 04:50:17 CEST.
Flavor | Version | Tinstall | Tcheck | Ttotal | Status | Flags |
---|---|---|---|---|---|---|
r-devel-linux-x86_64-debian-clang | 1.0.0 | 31.18 | 291.32 | 322.50 | NOTE | |
r-devel-linux-x86_64-debian-gcc | 1.0.0 | 20.38 | 188.11 | 208.49 | OK | |
r-devel-linux-x86_64-fedora-clang | 1.0.0 | 541.63 | OK | |||
r-devel-linux-x86_64-fedora-gcc | 1.0.0 | 487.05 | OK | |||
r-devel-windows-x86_64 | 1.0.0 | 29.00 | 235.00 | 264.00 | OK | |
r-patched-linux-x86_64 | 1.0.0 | 31.76 | 276.10 | 307.86 | OK | |
r-release-linux-x86_64 | 1.0.0 | 25.76 | 273.81 | 299.57 | OK | |
r-release-macos-arm64 | 1.0.0 | 106.00 | OK | |||
r-release-macos-x86_64 | 1.0.0 | 237.00 | OK | |||
r-release-windows-x86_64 | 1.0.0 | 29.00 | 229.00 | 258.00 | OK | |
r-oldrel-macos-arm64 | 1.0.0 | 116.00 | OK | |||
r-oldrel-macos-x86_64 | 1.0.0 | 231.00 | OK | |||
r-oldrel-windows-x86_64 | 1.0.0 | 38.00 | 312.00 | 350.00 | OK |
Version: 1.0.0
Check: examples
Result: NOTE
Examples with CPU (user + system) or elapsed time > 5s
user system elapsed
crossValidate 3.923 0.02 5.661
Flavor: r-devel-linux-x86_64-debian-clang