Last updated on 2025-04-30 04:50:17 CEST.
Flavor | Version | Tinstall | Tcheck | Ttotal | Status | Flags |
---|---|---|---|---|---|---|
r-devel-linux-x86_64-debian-clang | 1.4.0 | 104.87 | 57.72 | 162.59 | OK | |
r-devel-linux-x86_64-debian-gcc | 1.4.0 | 82.13 | 44.01 | 126.14 | OK | |
r-devel-linux-x86_64-fedora-clang | 1.4.0 | 305.60 | OK | |||
r-devel-linux-x86_64-fedora-gcc | 1.4.0 | 315.46 | OK | |||
r-devel-windows-x86_64 | 1.4.0 | 128.00 | 103.00 | 231.00 | OK | |
r-patched-linux-x86_64 | 1.4.0 | 114.24 | 59.61 | 173.85 | OK | |
r-release-linux-x86_64 | 1.4.0 | 117.60 | 59.66 | 177.26 | OK | |
r-release-macos-arm64 | 1.4.0 | 86.00 | OK | |||
r-release-macos-x86_64 | 1.4.0 | 115.00 | OK | |||
r-release-windows-x86_64 | 1.4.0 | 124.00 | 110.00 | 234.00 | OK | |
r-oldrel-macos-arm64 | 1.4.0 | 69.00 | NOTE | |||
r-oldrel-macos-x86_64 | 1.4.0 | 154.00 | NOTE | |||
r-oldrel-windows-x86_64 | 1.4.0 | 142.00 | 126.00 | 268.00 | OK |
Version: 1.4.0
Check: installed package size
Result: NOTE
installed size is 31.3Mb
sub-directories of 1Mb or more:
libs 30.1Mb
Flavors: r-oldrel-macos-arm64, r-oldrel-macos-x86_64