CRAN Package Check Results for Package rMultiNet

Last updated on 2025-04-30 04:50:17 CEST.

Flavor Version Tinstall Tcheck Ttotal Status Flags
r-devel-linux-x86_64-debian-clang 0.1 11.57 98.50 110.07 NOTE
r-devel-linux-x86_64-debian-gcc 0.1 8.28 70.02 78.30 NOTE
r-devel-linux-x86_64-fedora-clang 0.1 171.96 OK
r-devel-linux-x86_64-fedora-gcc 0.1 157.02 OK
r-devel-windows-x86_64 0.1 12.00 109.00 121.00 OK
r-patched-linux-x86_64 0.1 10.00 94.09 104.09 OK
r-release-linux-x86_64 0.1 10.99 92.78 103.77 OK
r-release-macos-arm64 0.1 47.00 OK
r-release-macos-x86_64 0.1 101.00 OK
r-release-windows-x86_64 0.1 16.00 103.00 119.00 OK
r-oldrel-macos-arm64 0.1 50.00 OK
r-oldrel-macos-x86_64 0.1 73.00 OK
r-oldrel-windows-x86_64 0.1 16.00 133.00 149.00 OK

Check Details

Version: 0.1
Check: CRAN incoming feasibility
Result: NOTE Maintainer: ‘Chenyu Ren <chenyu.ren@connect.polyu.hk>’ The Description field contains Ting Li, Zhongyuan Lyu, Chenyu Ren, Dong Xia (2023) <arXiv:2302.04437>. Please refer to arXiv e-prints via their arXiv DOI <doi:10.48550/arXiv.YYMM.NNNNN>. Flavors: r-devel-linux-x86_64-debian-clang, r-devel-linux-x86_64-debian-gcc