Last updated on 2025-04-30 04:50:17 CEST.
Flavor | Version | Tinstall | Tcheck | Ttotal | Status | Flags |
---|---|---|---|---|---|---|
r-devel-linux-x86_64-debian-clang | 2.5.3 | 4.41 | 40.08 | 44.49 | NOTE | |
r-devel-linux-x86_64-debian-gcc | 2.5.3 | 2.86 | 30.57 | 33.43 | NOTE | |
r-devel-linux-x86_64-fedora-clang | 2.5.3 | 73.80 | OK | |||
r-devel-linux-x86_64-fedora-gcc | 2.5.3 | 66.56 | OK | |||
r-devel-windows-x86_64 | 2.5.3 | 7.00 | 67.00 | 74.00 | OK | |
r-patched-linux-x86_64 | 2.5.3 | 4.46 | 38.28 | 42.74 | OK | |
r-release-linux-x86_64 | 2.5.3 | 3.68 | 38.44 | 42.12 | OK | |
r-release-macos-arm64 | 2.5.3 | 37.00 | OK | |||
r-release-macos-x86_64 | 2.5.3 | 55.00 | OK | |||
r-release-windows-x86_64 | 2.5.3 | 8.00 | 64.00 | 72.00 | OK | |
r-oldrel-macos-arm64 | 2.5.3 | 22.00 | OK | |||
r-oldrel-macos-x86_64 | 2.5.3 | 33.00 | OK | |||
r-oldrel-windows-x86_64 | 2.5.3 | 8.00 | 71.00 | 79.00 | OK |
Version: 2.5.3
Check: CRAN incoming feasibility
Result: NOTE
Maintainer: ‘Daniel C. Bowman <danny.c.bowman@gmail.com>’
The URL field contains the following bad parts:
<https://r-forge.r-project.org/projects/rnomads/
>
<https://www.r-project.org
>
The URL field should be a list of URLs separated by commas or
whitespace.
Flavors: r-devel-linux-x86_64-debian-clang, r-devel-linux-x86_64-debian-gcc