Last updated on 2025-04-30 04:50:17 CEST.
Flavor | Version | Tinstall | Tcheck | Ttotal | Status | Flags |
---|---|---|---|---|---|---|
r-devel-linux-x86_64-debian-clang | 0.2.2 | 6.83 | 94.27 | 101.10 | NOTE | |
r-devel-linux-x86_64-debian-gcc | 0.2.2 | 5.12 | 67.96 | 73.08 | OK | |
r-devel-linux-x86_64-fedora-clang | 0.2.2 | 151.90 | OK | |||
r-devel-linux-x86_64-fedora-gcc | 0.2.2 | 151.44 | OK | |||
r-devel-windows-x86_64 | 0.2.2 | 10.00 | 113.00 | 123.00 | OK | |
r-patched-linux-x86_64 | 0.2.2 | 7.27 | 88.65 | 95.92 | OK | |
r-release-linux-x86_64 | 0.2.2 | 6.28 | 88.47 | 94.75 | OK | |
r-release-macos-arm64 | 0.2.2 | 52.00 | OK | |||
r-release-macos-x86_64 | 0.2.2 | 89.00 | OK | |||
r-release-windows-x86_64 | 0.2.2 | 9.00 | 106.00 | 115.00 | OK | |
r-oldrel-macos-arm64 | 0.2.2 | 52.00 | OK | |||
r-oldrel-macos-x86_64 | 0.2.2 | 72.00 | OK | |||
r-oldrel-windows-x86_64 | 0.2.2 | 11.00 | 125.00 | 136.00 | OK |
Version: 0.2.2
Check: examples
Result: NOTE
Examples with CPU (user + system) or elapsed time > 5s
user system elapsed
analyzeEvolution 4.067 0.045 5.512
Flavor: r-devel-linux-x86_64-debian-clang