Last updated on 2025-04-30 04:50:17 CEST.
Flavor | Version | Tinstall | Tcheck | Ttotal | Status | Flags |
---|---|---|---|---|---|---|
r-devel-linux-x86_64-debian-clang | 0.2.4 | 264.91 | 223.88 | 488.79 | OK | |
r-devel-linux-x86_64-debian-gcc | 0.2.4 | 245.76 | 179.65 | 425.41 | OK | |
r-devel-linux-x86_64-fedora-clang | 0.2.4 | 762.59 | NOTE | |||
r-devel-linux-x86_64-fedora-gcc | 0.2.4 | 905.84 | NOTE | |||
r-devel-windows-x86_64 | 0.2.4 | 270.00 | 260.00 | 530.00 | OK | |
r-patched-linux-x86_64 | 0.2.4 | 297.63 | 212.13 | 509.76 | OK | |
r-release-linux-x86_64 | 0.2.4 | 305.35 | 261.64 | 566.99 | OK | |
r-release-macos-arm64 | 0.2.4 | 237.00 | OK | |||
r-release-macos-x86_64 | 0.2.4 | 815.00 | OK | |||
r-release-windows-x86_64 | 0.2.4 | 274.00 | 279.00 | 553.00 | OK | |
r-oldrel-macos-arm64 | 0.2.4 | 114.00 | NOTE | |||
r-oldrel-macos-x86_64 | 0.2.4 | 168.00 | NOTE | |||
r-oldrel-windows-x86_64 | 0.2.4 | 307.00 | 321.00 | 628.00 | NOTE |
Version: 0.2.4
Check: dependencies in R code
Result: NOTE
Namespace in Imports field not imported from: ‘rstantools’
All declared Imports should be used.
Flavors: r-devel-linux-x86_64-fedora-clang, r-devel-linux-x86_64-fedora-gcc
Version: 0.2.4
Check: installed package size
Result: NOTE
installed size is 88.8Mb
sub-directories of 1Mb or more:
libs 87.7Mb
Flavors: r-oldrel-macos-arm64, r-oldrel-macos-x86_64
Version: 0.2.4
Check: for GNU extensions in Makefiles
Result: NOTE
GNU make is a SystemRequirements.
Flavors: r-oldrel-macos-arm64, r-oldrel-macos-x86_64, r-oldrel-windows-x86_64