Last updated on 2025-11-02 03:51:53 CET.
| Flavor | Version | Tinstall | Tcheck | Ttotal | Status | Flags |
|---|---|---|---|---|---|---|
| r-devel-linux-x86_64-debian-clang | 2.1.2 | 5.54 | 59.73 | 65.27 | NOTE | |
| r-devel-linux-x86_64-debian-gcc | 2.1.2 | 4.97 | 44.71 | 49.68 | NOTE | |
| r-devel-linux-x86_64-fedora-clang | 2.1.2 | 13.00 | 91.55 | 104.55 | OK | |
| r-devel-linux-x86_64-fedora-gcc | 2.1.2 | 14.00 | 100.80 | 114.80 | OK | |
| r-devel-windows-x86_64 | 2.1.2 | 7.00 | 72.00 | 79.00 | OK | |
| r-patched-linux-x86_64 | 2.1.2 | 5.49 | 56.80 | 62.29 | OK | |
| r-release-linux-x86_64 | 2.1.2 | 5.77 | 57.03 | 62.80 | OK | |
| r-release-macos-arm64 | 2.1.2 | 2.00 | 26.00 | 28.00 | OK | |
| r-release-macos-x86_64 | 2.1.2 | 5.00 | 55.00 | 60.00 | OK | |
| r-release-windows-x86_64 | 2.1.2 | 8.00 | 71.00 | 79.00 | OK | |
| r-oldrel-macos-arm64 | 2.1.2 | 3.00 | 31.00 | 34.00 | OK | |
| r-oldrel-macos-x86_64 | 2.1.2 | 8.00 | 84.00 | 92.00 | OK | |
| r-oldrel-windows-x86_64 | 2.1.2 | 10.00 | 89.00 | 99.00 | OK |
Version: 2.1.2
Check: CRAN incoming feasibility
Result: NOTE
Maintainer: ‘Mitra Ebrahimpoor<mitra.ebrahimpoor@gmail.com>’
No Authors@R field in DESCRIPTION.
Please add one, modifying
Authors@R: person(given = "Mitra",
family = "Ebrahimpoor",
role = c("aut", "cre"),
email = "mitra.ebrahimpoor@gmail.com")
as necessary.
Flavors: r-devel-linux-x86_64-debian-clang, r-devel-linux-x86_64-debian-gcc