Last updated on 2025-04-30 04:50:18 CEST.
Flavor | Version | Tinstall | Tcheck | Ttotal | Status | Flags |
---|---|---|---|---|---|---|
r-devel-linux-x86_64-debian-clang | 2.5.1 | 29.74 | 197.45 | 227.19 | NOTE | |
r-devel-linux-x86_64-debian-gcc | 2.5.1 | 20.38 | 129.32 | 149.70 | NOTE | |
r-devel-linux-x86_64-fedora-clang | 2.5.1 | 378.78 | OK | |||
r-devel-linux-x86_64-fedora-gcc | 2.5.1 | 356.30 | OK | |||
r-devel-windows-x86_64 | 2.5.1 | 34.00 | 188.00 | 222.00 | OK | |
r-patched-linux-x86_64 | 2.5.1 | 29.96 | 182.69 | 212.65 | OK | |
r-release-linux-x86_64 | 2.5.1 | 31.48 | 180.84 | 212.32 | OK | |
r-release-macos-arm64 | 2.5.1 | 97.00 | OK | |||
r-release-macos-x86_64 | 2.5.1 | 164.00 | OK | |||
r-release-windows-x86_64 | 2.5.1 | 33.00 | 186.00 | 219.00 | OK | |
r-oldrel-macos-arm64 | 2.5.1 | 87.00 | NOTE | |||
r-oldrel-macos-x86_64 | 2.5.1 | 203.00 | NOTE | |||
r-oldrel-windows-x86_64 | 2.5.1 | 41.00 | 240.00 | 281.00 | NOTE |
Version: 2.5.1
Check: examples
Result: NOTE
Examples with CPU (user + system) or elapsed time > 5s
user system elapsed
predict.CBrSPDEobj2d 5.642 0.102 8.614
Flavor: r-devel-linux-x86_64-debian-clang
Version: 2.5.1
Check: examples
Result: NOTE
Examples with CPU (user + system) or elapsed time > 5s
user system elapsed
predict.CBrSPDEobj2d 3.897 0.087 5.273
Flavor: r-devel-linux-x86_64-debian-gcc
Version: 2.5.1
Check: package dependencies
Result: NOTE
Package suggested but not available for checking: ‘INLA’
Flavors: r-oldrel-macos-arm64, r-oldrel-macos-x86_64
Version: 2.5.1
Check: installed package size
Result: NOTE
installed size is 6.4Mb
sub-directories of 1Mb or more:
R 4.7Mb
help 1.5Mb
Flavors: r-oldrel-macos-arm64, r-oldrel-macos-x86_64, r-oldrel-windows-x86_64