Last updated on 2025-04-30 04:50:18 CEST.
Flavor | Version | Tinstall | Tcheck | Ttotal | Status | Flags |
---|---|---|---|---|---|---|
r-devel-linux-x86_64-debian-clang | 0.1.2 | 6.99 | 52.51 | 59.50 | OK | |
r-devel-linux-x86_64-debian-gcc | 0.1.2 | 4.79 | 39.10 | 43.89 | OK | |
r-devel-linux-x86_64-fedora-clang | 0.1.2 | 98.17 | OK | |||
r-devel-linux-x86_64-fedora-gcc | 0.1.2 | 83.97 | OK | |||
r-devel-windows-x86_64 | 0.1.2 | 6.00 | 75.00 | 81.00 | OK | |
r-patched-linux-x86_64 | 0.1.2 | 5.43 | 49.05 | 54.48 | OK | |
r-release-linux-x86_64 | 0.1.2 | 5.46 | 49.26 | 54.72 | OK | |
r-release-macos-arm64 | 0.1.2 | 31.00 | OK | |||
r-release-macos-x86_64 | 0.1.2 | 56.00 | OK | |||
r-release-windows-x86_64 | 0.1.2 | 7.00 | 74.00 | 81.00 | OK | |
r-oldrel-macos-arm64 | 0.1.2 | 29.00 | NOTE | |||
r-oldrel-macos-x86_64 | 0.1.2 | 45.00 | NOTE | |||
r-oldrel-windows-x86_64 | 0.1.2 | 8.00 | 77.00 | 85.00 | NOTE |
Version: 0.1.2
Check: LazyData
Result: NOTE
'LazyData' is specified without a 'data' directory
Flavors: r-oldrel-macos-arm64, r-oldrel-macos-x86_64, r-oldrel-windows-x86_64