Last updated on 2025-11-04 03:51:03 CET.
| Flavor | Version | Tinstall | Tcheck | Ttotal | Status | Flags | 
|---|---|---|---|---|---|---|
| r-devel-linux-x86_64-debian-clang | 1.0.2 | 3.36 | 47.95 | 51.31 | NOTE | |
| r-devel-linux-x86_64-debian-gcc | 1.0.2 | 2.87 | 37.33 | 40.20 | NOTE | |
| r-devel-linux-x86_64-fedora-clang | 1.0.2 | 77.17 | OK | |||
| r-devel-linux-x86_64-fedora-gcc | 1.0.2 | 91.41 | OK | |||
| r-devel-windows-x86_64 | 1.0.2 | 7.00 | 58.00 | 65.00 | OK | |
| r-patched-linux-x86_64 | 1.0.2 | 3.89 | 44.22 | 48.11 | OK | |
| r-release-linux-x86_64 | 1.0.2 | 3.30 | 49.78 | 53.08 | OK | |
| r-release-macos-arm64 | 1.0.2 | 2.00 | 33.00 | 35.00 | OK | |
| r-release-macos-x86_64 | 1.0.2 | 4.00 | 56.00 | 60.00 | OK | |
| r-release-windows-x86_64 | 1.0.2 | 6.00 | 57.00 | 63.00 | OK | |
| r-oldrel-macos-arm64 | 1.0.2 | 2.00 | 27.00 | 29.00 | NOTE | |
| r-oldrel-macos-x86_64 | 1.0.2 | 3.00 | 53.00 | 56.00 | NOTE | |
| r-oldrel-windows-x86_64 | 1.0.2 | 8.00 | 75.00 | 83.00 | NOTE | 
Version: 1.0.2
Check: CRAN incoming feasibility
Result: NOTE
  Maintainer: ‘Andrew Taylor Burchill <andrew.burchill@asu.edu>’
  
  Found the following URLs which should use \doi (with the DOI name only):
    File ‘brute_IDs.Rd’:
      https://doi.org/10.1016/j.anbehav.2019.05.013
    File ‘codes_to_colors.Rd’:
      https://doi.org/10.1016/j.anbehav.2019.05.013
    File ‘exampleGUI.Rd’:
      https://doi.org/10.1016/j.anbehav.2019.05.013
    File ‘how_many.Rd’:
      https://doi.org/10.1016/j.anbehav.2019.05.013
    File ‘how_robust.Rd’:
      https://doi.org/10.1016/j.anbehav.2019.05.013
    File ‘rabi.Rd’:
      https://doi.org/10.1016/j.anbehav.2019.05.013
    File ‘rs_IDs.Rd’:
      https://doi.org/10.1016/j.anbehav.2019.05.013
    File ‘simple_IDs.Rd’:
      https://doi.org/10.1016/j.anbehav.2019.05.013
    File ‘tweaked_IDs.Rd’:
      https://doi.org/10.1016/j.anbehav.2019.05.013
Flavors: r-devel-linux-x86_64-debian-clang, r-devel-linux-x86_64-debian-gcc
Version: 1.0.2
Check: LazyData
Result: NOTE
    'LazyData' is specified without a 'data' directory
Flavors: r-oldrel-macos-arm64, r-oldrel-macos-x86_64, r-oldrel-windows-x86_64