Last updated on 2025-04-30 04:50:16 CEST.
Flavor | Version | Tinstall | Tcheck | Ttotal | Status | Flags |
---|---|---|---|---|---|---|
r-devel-linux-x86_64-debian-clang | 1.0.2 | 3.83 | 44.96 | 48.79 | NOTE | |
r-devel-linux-x86_64-debian-gcc | 1.0.2 | 2.65 | 35.78 | 38.43 | NOTE | |
r-devel-linux-x86_64-fedora-clang | 1.0.2 | 76.32 | OK | |||
r-devel-linux-x86_64-fedora-gcc | 1.0.2 | 88.87 | OK | |||
r-devel-windows-x86_64 | 1.0.2 | 6.00 | 64.00 | 70.00 | OK | |
r-patched-linux-x86_64 | 1.0.2 | 3.79 | 42.59 | 46.38 | OK | |
r-release-linux-x86_64 | 1.0.2 | 2.98 | 47.12 | 50.10 | OK | |
r-release-macos-arm64 | 1.0.2 | 35.00 | OK | |||
r-release-macos-x86_64 | 1.0.2 | 60.00 | OK | |||
r-release-windows-x86_64 | 1.0.2 | 6.00 | 62.00 | 68.00 | OK | |
r-oldrel-macos-arm64 | 1.0.2 | 29.00 | NOTE | |||
r-oldrel-macos-x86_64 | 1.0.2 | 56.00 | NOTE | |||
r-oldrel-windows-x86_64 | 1.0.2 | 7.00 | 65.00 | 72.00 | NOTE |
Version: 1.0.2
Check: CRAN incoming feasibility
Result: NOTE
Maintainer: ‘Andrew Taylor Burchill <andrew.burchill@asu.edu>’
Found the following URLs which should use \doi (with the DOI name only):
File ‘brute_IDs.Rd’:
https://doi.org/10.1016/j.anbehav.2019.05.013
File ‘codes_to_colors.Rd’:
https://doi.org/10.1016/j.anbehav.2019.05.013
File ‘exampleGUI.Rd’:
https://doi.org/10.1016/j.anbehav.2019.05.013
File ‘how_many.Rd’:
https://doi.org/10.1016/j.anbehav.2019.05.013
File ‘how_robust.Rd’:
https://doi.org/10.1016/j.anbehav.2019.05.013
File ‘rabi.Rd’:
https://doi.org/10.1016/j.anbehav.2019.05.013
File ‘rs_IDs.Rd’:
https://doi.org/10.1016/j.anbehav.2019.05.013
File ‘simple_IDs.Rd’:
https://doi.org/10.1016/j.anbehav.2019.05.013
File ‘tweaked_IDs.Rd’:
https://doi.org/10.1016/j.anbehav.2019.05.013
Flavors: r-devel-linux-x86_64-debian-clang, r-devel-linux-x86_64-debian-gcc
Version: 1.0.2
Check: LazyData
Result: NOTE
'LazyData' is specified without a 'data' directory
Flavors: r-oldrel-macos-arm64, r-oldrel-macos-x86_64, r-oldrel-windows-x86_64