Last updated on 2025-04-30 04:50:16 CEST.
Flavor | Version | Tinstall | Tcheck | Ttotal | Status | Flags |
---|---|---|---|---|---|---|
r-devel-linux-x86_64-debian-clang | 1.2.1 | 52.34 | 127.66 | 180.00 | NOTE | |
r-devel-linux-x86_64-debian-gcc | 1.2.1 | 33.09 | 86.40 | 119.49 | NOTE | |
r-devel-linux-x86_64-fedora-clang | 1.2.1 | 320.04 | NOTE | |||
r-devel-linux-x86_64-fedora-gcc | 1.2.1 | 290.00 | NOTE | |||
r-devel-windows-x86_64 | 1.2.1 | 57.00 | 151.00 | 208.00 | OK | |
r-patched-linux-x86_64 | 1.2.1 | 48.25 | 118.77 | 167.02 | OK | |
r-release-linux-x86_64 | 1.2.1 | 48.08 | 120.15 | 168.23 | OK | |
r-release-macos-arm64 | 1.2.1 | 81.00 | OK | |||
r-release-macos-x86_64 | 1.2.1 | 194.00 | OK | |||
r-release-windows-x86_64 | 1.2.1 | 59.00 | 144.00 | 203.00 | OK | |
r-oldrel-macos-arm64 | 1.2.1 | 65.00 | OK | |||
r-oldrel-macos-x86_64 | 1.2.1 | 105.00 | OK | |||
r-oldrel-windows-x86_64 | 1.2.1 | 64.00 | 189.00 | 253.00 | OK |
Version: 1.2.1
Check: examples
Result: NOTE
Examples with CPU (user + system) or elapsed time > 5s
user system elapsed
calculate_densities 8.547 0.217 10.265
Flavor: r-devel-linux-x86_64-debian-clang
Version: 1.2.1
Check: examples
Result: NOTE
Examples with CPU (user + system) or elapsed time > 5s
user system elapsed
calculate_densities 4.494 0.085 5.664
Flavor: r-devel-linux-x86_64-debian-gcc
Version: 1.2.1
Check: dependencies in R code
Result: NOTE
Namespace in Imports field not imported from: ‘comat’
All declared Imports should be used.
Flavors: r-devel-linux-x86_64-fedora-clang, r-devel-linux-x86_64-fedora-gcc