Last updated on 2025-04-30 04:50:16 CEST.
Flavor | Version | Tinstall | Tcheck | Ttotal | Status | Flags |
---|---|---|---|---|---|---|
r-devel-linux-x86_64-debian-clang | 1.6.7 | 15.44 | 124.11 | 139.55 | NOTE | |
r-devel-linux-x86_64-debian-gcc | 1.6.7 | 11.29 | 86.31 | 97.60 | OK | |
r-devel-linux-x86_64-fedora-clang | 1.6.7 | 226.05 | OK | |||
r-devel-linux-x86_64-fedora-gcc | 1.6.7 | 212.61 | OK | |||
r-devel-windows-x86_64 | 1.6.7 | 19.00 | 153.00 | 172.00 | OK | |
r-patched-linux-x86_64 | 1.6.7 | 15.09 | 113.05 | 128.14 | OK | |
r-release-linux-x86_64 | 1.6.7 | 16.30 | 111.51 | 127.81 | OK | |
r-release-macos-arm64 | 1.6.7 | 55.00 | OK | |||
r-release-macos-x86_64 | 1.6.7 | 102.00 | OK | |||
r-release-windows-x86_64 | 1.6.7 | 21.00 | 151.00 | 172.00 | OK | |
r-oldrel-macos-arm64 | 1.6.7 | 52.00 | OK | |||
r-oldrel-macos-x86_64 | 1.6.7 | 78.00 | OK | |||
r-oldrel-windows-x86_64 | 1.6.7 | 24.00 | 187.00 | 211.00 | OK |
Version: 1.6.7
Check: examples
Result: NOTE
Examples with CPU (user + system) or elapsed time > 5s
user system elapsed
visualize 5.287 0.088 7.351
Flavor: r-devel-linux-x86_64-debian-clang