Last updated on 2025-04-30 04:50:16 CEST.
Flavor | Version | Tinstall | Tcheck | Ttotal | Status | Flags |
---|---|---|---|---|---|---|
r-devel-linux-x86_64-debian-clang | 0.1.0 | 3.41 | 195.49 | 198.90 | NOTE | |
r-devel-linux-x86_64-debian-gcc | 0.1.0 | 2.59 | 116.74 | 119.33 | NOTE | |
r-devel-linux-x86_64-fedora-clang | 0.1.0 | 332.80 | NOTE | |||
r-devel-linux-x86_64-fedora-gcc | 0.1.0 | 308.32 | NOTE | |||
r-devel-windows-x86_64 | 0.1.0 | 4.00 | 188.00 | 192.00 | NOTE | |
r-patched-linux-x86_64 | 0.1.0 | 4.29 | 182.72 | 187.01 | NOTE | |
r-release-linux-x86_64 | 0.1.0 | 3.39 | 181.14 | 184.53 | NOTE | |
r-release-macos-arm64 | 0.1.0 | 69.00 | NOTE | |||
r-release-macos-x86_64 | 0.1.0 | 159.00 | NOTE | |||
r-release-windows-x86_64 | 0.1.0 | 4.00 | 187.00 | 191.00 | NOTE | |
r-oldrel-macos-arm64 | 0.1.0 | 96.00 | OK | |||
r-oldrel-macos-x86_64 | 0.1.0 | 317.00 | OK | |||
r-oldrel-windows-x86_64 | 0.1.0 | 4.00 | 250.00 | 254.00 | OK |
Version: 0.1.0
Check: DESCRIPTION meta-information
Result: NOTE
Missing dependency on R >= 4.1.0 because package code uses the pipe
|> or function shorthand \(...) syntax added in R 4.1.0.
File(s) using such syntax:
‘add_element.Rd’
Flavors: r-devel-linux-x86_64-debian-clang, r-devel-linux-x86_64-debian-gcc, r-devel-linux-x86_64-fedora-clang, r-devel-linux-x86_64-fedora-gcc, r-devel-windows-x86_64, r-patched-linux-x86_64, r-release-linux-x86_64, r-release-macos-arm64, r-release-macos-x86_64, r-release-windows-x86_64
Version: 0.1.0
Check: examples
Result: NOTE
Examples with CPU (user + system) or elapsed time > 5s
user system elapsed
capzone 10.006 0.085 11.596
tracelines 6.366 0.004 8.410
Flavor: r-devel-linux-x86_64-debian-clang
Version: 0.1.0
Check: examples
Result: NOTE
Examples with CPU (user + system) or elapsed time > 5s
user system elapsed
capzone 5.137 0.036 6.231
tracelines 3.375 0.024 5.472
Flavor: r-devel-linux-x86_64-debian-gcc