Last updated on 2025-04-30 04:50:16 CEST.
Flavor | Version | Tinstall | Tcheck | Ttotal | Status | Flags |
---|---|---|---|---|---|---|
r-devel-linux-x86_64-debian-clang | 1.4.0 | 172.26 | 33.80 | 206.06 | OK | |
r-devel-linux-x86_64-debian-gcc | 1.4.0 | 180.23 | 26.05 | 206.28 | OK | |
r-devel-linux-x86_64-fedora-clang | 1.4.0 | 318.61 | OK | |||
r-devel-linux-x86_64-fedora-gcc | 1.4.0 | 534.04 | OK | |||
r-devel-windows-x86_64 | 1.4.0 | 256.00 | 107.00 | 363.00 | OK | |
r-patched-linux-x86_64 | 1.4.0 | 252.92 | 31.46 | 284.38 | OK | |
r-release-linux-x86_64 | 1.4.0 | 245.26 | 31.16 | 276.42 | OK | |
r-release-macos-arm64 | 1.4.0 | 109.00 | OK | |||
r-release-macos-x86_64 | 1.4.0 | 153.00 | OK | |||
r-release-windows-x86_64 | 1.4.0 | 258.00 | 100.00 | 358.00 | OK | |
r-oldrel-macos-arm64 | 1.4.0 | 101.00 | NOTE | |||
r-oldrel-macos-x86_64 | 1.4.0 | 172.00 | NOTE | |||
r-oldrel-windows-x86_64 | 1.4.0 | 271.00 | 120.00 | 391.00 | NOTE |
Version: 1.4.0
Check: installed package size
Result: NOTE
installed size is 46.9Mb
sub-directories of 1Mb or more:
libs 46.7Mb
Flavors: r-oldrel-macos-arm64, r-oldrel-macos-x86_64, r-oldrel-windows-x86_64