CRAN Package Check Results for Package raincin

Last updated on 2025-11-04 03:51:03 CET.

Flavor Version Tinstall Tcheck Ttotal Status Flags
r-devel-linux-x86_64-debian-clang 1.0.3 8.53 72.65 81.18 OK
r-devel-linux-x86_64-debian-gcc 1.0.3 6.92 53.17 60.09 OK
r-devel-linux-x86_64-fedora-clang 1.0.3 44.00 87.93 131.93 OK
r-devel-linux-x86_64-fedora-gcc 1.0.3 18.00 100.85 118.85 OK
r-devel-windows-x86_64 1.0.3 12.00 77.00 89.00 OK
r-patched-linux-x86_64 1.0.3 7.42 68.22 75.64 OK
r-release-linux-x86_64 1.0.3 8.73 69.33 78.06 OK
r-release-macos-arm64 1.0.3 4.00 29.00 33.00 OK
r-release-macos-x86_64 1.0.3 8.00 70.00 78.00 OK
r-release-windows-x86_64 1.0.3 9.00 78.00 87.00 OK
r-oldrel-macos-arm64 1.0.3 4.00 34.00 38.00 NOTE
r-oldrel-macos-x86_64 1.0.3 10.00 79.00 89.00 NOTE
r-oldrel-windows-x86_64 1.0.3 13.00 102.00 115.00 NOTE

Check Details

Version: 1.0.3
Check: LazyData
Result: NOTE 'LazyData' is specified without a 'data' directory Flavors: r-oldrel-macos-arm64, r-oldrel-macos-x86_64, r-oldrel-windows-x86_64