Last updated on 2025-04-30 04:50:16 CEST.
Flavor | Version | Tinstall | Tcheck | Ttotal | Status | Flags |
---|---|---|---|---|---|---|
r-devel-linux-x86_64-debian-clang | 0.3.16 | 12.25 | 181.11 | 193.36 | NOTE | |
r-devel-linux-x86_64-debian-gcc | 0.3.16 | 7.64 | 115.24 | 122.88 | OK | |
r-devel-linux-x86_64-fedora-clang | 0.3.16 | 322.79 | OK | |||
r-devel-linux-x86_64-fedora-gcc | 0.3.16 | 303.47 | OK | |||
r-devel-windows-x86_64 | 0.3.16 | 15.00 | 183.00 | 198.00 | OK | |
r-patched-linux-x86_64 | 0.3.16 | 12.78 | 171.29 | 184.07 | OK | |
r-release-linux-x86_64 | 0.3.16 | 13.18 | 170.24 | 183.42 | OK | |
r-release-macos-arm64 | 0.3.16 | 83.00 | OK | |||
r-release-macos-x86_64 | 0.3.16 | 196.00 | OK | |||
r-release-windows-x86_64 | 0.3.16 | 16.00 | 175.00 | 191.00 | OK | |
r-oldrel-macos-arm64 | 0.3.16 | 85.00 | NOTE | |||
r-oldrel-macos-x86_64 | 0.3.16 | 157.00 | NOTE | |||
r-oldrel-windows-x86_64 | 0.3.16 | 19.00 | 234.00 | 253.00 | NOTE |
Version: 0.3.16
Check: examples
Result: NOTE
Examples with CPU (user + system) or elapsed time > 5s
user system elapsed
h_adqlqc 4.494 0.117 5.32
radqlqc 4.395 0.079 5.06
Flavor: r-devel-linux-x86_64-debian-clang
Version: 0.3.16
Check: installed package size
Result: NOTE
installed size is 6.0Mb
sub-directories of 1Mb or more:
data 5.4Mb
Flavors: r-oldrel-macos-arm64, r-oldrel-macos-x86_64, r-oldrel-windows-x86_64