Last updated on 2025-04-29 04:50:15 CEST.
Flavor | Version | Tinstall | Tcheck | Ttotal | Status | Flags |
---|---|---|---|---|---|---|
r-devel-linux-x86_64-debian-clang | 1.1.6 | 25.36 | 113.11 | 138.47 | OK | |
r-devel-linux-x86_64-debian-gcc | 1.1.6 | 16.93 | 76.82 | 93.75 | NOTE | |
r-devel-linux-x86_64-fedora-clang | 1.1.6 | 225.75 | OK | |||
r-devel-linux-x86_64-fedora-gcc | 1.1.6 | 214.12 | OK | |||
r-devel-windows-x86_64 | 1.1.6 | 29.00 | 147.00 | 176.00 | OK | |
r-patched-linux-x86_64 | 1.1.6 | 24.33 | 111.51 | 135.84 | OK | |
r-release-linux-x86_64 | 1.1.6 | 25.37 | 111.88 | 137.25 | OK | |
r-release-macos-arm64 | 1.1.6 | 64.00 | OK | |||
r-release-macos-x86_64 | 1.1.6 | 130.00 | OK | |||
r-release-windows-x86_64 | 1.1.6 | 30.00 | 149.00 | 179.00 | OK | |
r-oldrel-macos-arm64 | 1.1.6 | 63.00 | OK | |||
r-oldrel-macos-x86_64 | 1.1.6 | 109.00 | OK | |||
r-oldrel-windows-x86_64 | 1.1.6 | 37.00 | 182.00 | 219.00 | OK |
Version: 1.1.6
Check: CRAN incoming feasibility
Result: NOTE
Maintainer: ‘Saip Ciss <saip.ciss@wanadoo.fr>’
No Authors@R field in DESCRIPTION.
Please add one, modifying
Authors@R: person(given = "Saip",
family = "Ciss",
role = c("aut", "cre"),
email = "saip.ciss@wanadoo.fr")
as necessary.
Flavor: r-devel-linux-x86_64-debian-gcc
Version: 1.1.6
Check: examples
Result: NOTE
Examples with CPU (user + system) or elapsed time > 5s
user system elapsed
biasVarCov 0.176 0.019 6.191
Flavor: r-devel-linux-x86_64-debian-gcc