CRAN Package Check Results for Package randomizationInference

Last updated on 2025-04-30 04:50:16 CEST.

Flavor Version Tinstall Tcheck Ttotal Status Flags
r-devel-linux-x86_64-debian-clang 1.0.4 2.08 24.37 26.45 NOTE
r-devel-linux-x86_64-debian-gcc 1.0.4 1.61 19.33 20.94 NOTE
r-devel-linux-x86_64-fedora-clang 1.0.4 44.28 OK
r-devel-linux-x86_64-fedora-gcc 1.0.4 38.77 OK
r-devel-windows-x86_64 1.0.4 3.00 52.00 55.00 OK
r-patched-linux-x86_64 1.0.4 2.36 23.37 25.73 OK
r-release-linux-x86_64 1.0.4 2.03 23.20 25.23 OK
r-release-macos-arm64 1.0.4 16.00 OK
r-release-macos-x86_64 1.0.4 28.00 OK
r-release-windows-x86_64 1.0.4 3.00 49.00 52.00 OK
r-oldrel-macos-arm64 1.0.4 18.00 OK
r-oldrel-macos-x86_64 1.0.4 23.00 OK
r-oldrel-windows-x86_64 1.0.4 3.00 50.00 53.00 OK

Check Details

Version: 1.0.4
Check: CRAN incoming feasibility
Result: NOTE Maintainer: ‘Joseph J. Lee <joseph.j.lee@post.harvard.edu>’ No Authors@R field in DESCRIPTION. Please add one, modifying Authors@R: c(person(given = c("Joseph", "J."), family = "Lee", role = c("aut", "cre"), email = "joseph.j.lee@post.harvard.edu"), person(given = "Tirthankar", family = "Dasgupta", role = "aut")) as necessary. Flavors: r-devel-linux-x86_64-debian-clang, r-devel-linux-x86_64-debian-gcc