Last updated on 2025-04-30 04:50:16 CEST.
Flavor | Version | Tinstall | Tcheck | Ttotal | Status | Flags |
---|---|---|---|---|---|---|
r-devel-linux-x86_64-debian-clang | 1.0.6 | 22.86 | 320.15 | 343.01 | NOTE | |
r-devel-linux-x86_64-debian-gcc | 1.0.6 | 15.84 | 203.13 | 218.97 | NOTE | |
r-devel-linux-x86_64-fedora-clang | 1.0.6 | 582.41 | OK | |||
r-devel-linux-x86_64-fedora-gcc | 1.0.6 | 531.91 | OK | |||
r-devel-windows-x86_64 | 1.0.6 | 21.00 | 257.00 | 278.00 | OK | |
r-patched-linux-x86_64 | 1.0.6 | 20.72 | 300.29 | 321.01 | OK | |
r-release-linux-x86_64 | 1.0.6 | 21.19 | 297.47 | 318.66 | OK | |
r-release-macos-arm64 | 1.0.6 | 116.00 | OK | |||
r-release-macos-x86_64 | 1.0.6 | 317.00 | OK | |||
r-release-windows-x86_64 | 1.0.6 | 21.00 | 251.00 | 272.00 | OK | |
r-oldrel-macos-arm64 | 1.0.6 | 129.00 | OK | |||
r-oldrel-macos-x86_64 | 1.0.6 | 319.00 | OK | |||
r-oldrel-windows-x86_64 | 1.0.6 | 28.00 | 345.00 | 373.00 | OK |
Version: 1.0.6
Check: examples
Result: NOTE
Examples with CPU (user + system) or elapsed time > 5s
user system elapsed
subset.sim_results 7.386 0.016 9.128
print.sim_results 5.328 0.008 6.383
plot.sim_results 4.002 0.012 5.392
Flavor: r-devel-linux-x86_64-debian-clang
Version: 1.0.6
Check: examples
Result: NOTE
Examples with CPU (user + system) or elapsed time > 5s
user system elapsed
subset.sim_results 4.833 0.025 5.405
Flavor: r-devel-linux-x86_64-debian-gcc