Last updated on 2025-04-30 04:50:16 CEST.
Flavor | Version | Tinstall | Tcheck | Ttotal | Status | Flags |
---|---|---|---|---|---|---|
r-devel-linux-x86_64-debian-clang | 1.0.3 | 13.20 | 106.43 | 119.63 | NOTE | |
r-devel-linux-x86_64-debian-gcc | 1.0.3 | 10.80 | 76.63 | 87.43 | NOTE | |
r-devel-linux-x86_64-fedora-clang | 1.0.3 | 183.12 | OK | |||
r-devel-linux-x86_64-fedora-gcc | 1.0.3 | 164.40 | OK | |||
r-devel-windows-x86_64 | 1.0.3 | 14.00 | 117.00 | 131.00 | OK | |
r-patched-linux-x86_64 | 1.0.3 | 12.60 | 102.00 | 114.60 | OK | |
r-release-linux-x86_64 | 1.0.3 | 11.85 | 103.00 | 114.85 | OK | |
r-release-macos-arm64 | 1.0.3 | 45.00 | OK | |||
r-release-macos-x86_64 | 1.0.3 | 131.00 | OK | |||
r-release-windows-x86_64 | 1.0.3 | 14.00 | 113.00 | 127.00 | OK | |
r-oldrel-macos-arm64 | 1.0.3 | 55.00 | OK | |||
r-oldrel-macos-x86_64 | 1.0.3 | 125.00 | OK | |||
r-oldrel-windows-x86_64 | 1.0.3 | 17.00 | 139.00 | 156.00 | OK |
Version: 1.0.3
Check: examples
Result: NOTE
Examples with CPU (user + system) or elapsed time > 5s
user system elapsed
rankCorrCluster 6.312 0.073 8.229
Flavor: r-devel-linux-x86_64-debian-clang
Version: 1.0.3
Check: examples
Result: NOTE
Examples with CPU (user + system) or elapsed time > 5s
user system elapsed
rankCorrCluster 7.143 0.183 8.154
Flavor: r-devel-linux-x86_64-debian-gcc