Last updated on 2025-04-30 04:50:16 CEST.
Flavor | Version | Tinstall | Tcheck | Ttotal | Status | Flags |
---|---|---|---|---|---|---|
r-devel-linux-x86_64-debian-clang | 1.1.0 | 6.23 | 58.27 | 64.50 | NOTE | |
r-devel-linux-x86_64-debian-gcc | 1.1.1 | 4.49 | 41.66 | 46.15 | OK | |
r-devel-linux-x86_64-fedora-clang | 1.1.1 | 100.79 | OK | |||
r-devel-linux-x86_64-fedora-gcc | 1.1.1 | 96.41 | OK | |||
r-devel-windows-x86_64 | 1.1.0 | 7.00 | 81.00 | 88.00 | NOTE | |
r-patched-linux-x86_64 | 1.1.0 | 6.27 | 55.41 | 61.68 | NOTE | |
r-release-linux-x86_64 | 1.1.0 | 5.89 | 55.77 | 61.66 | NOTE | |
r-release-macos-arm64 | 1.1.1 | 32.00 | OK | |||
r-release-macos-x86_64 | 1.1.1 | 59.00 | OK | |||
r-release-windows-x86_64 | 1.1.1 | 9.00 | 75.00 | 84.00 | OK | |
r-oldrel-macos-arm64 | 1.1.1 | 38.00 | OK | |||
r-oldrel-macos-x86_64 | 1.1.1 | 68.00 | OK | |||
r-oldrel-windows-x86_64 | 1.1.0 | 9.00 | 87.00 | 96.00 | OK |
Version: 1.1.0
Check: CRAN incoming feasibility
Result: NOTE
Maintainer: ‘Nanni Koski <nanni.koski@gmail.com>’
No Authors@R field in DESCRIPTION.
Please add one, modifying
Authors@R: c(person(given = "Juha",
family = "Karvanen",
role = "aut"),
person(given = "Nanni",
family = "Koski",
role = c("aut", "cre"),
email = "nanni.koski@gmail.com"))
as necessary.
Flavor: r-devel-linux-x86_64-debian-clang
Version: 1.1.0
Check: Rd cross-references
Result: NOTE
Found the following Rd file(s) with Rd \link{} targets missing package
anchors:
rankhazard-package.Rd: coxph
rankhazardplot.Rd: coxph, predict.coxph, pspline
Please provide package anchors for all Rd \link{} targets not in the
package itself and the base packages.
Flavors: r-devel-linux-x86_64-debian-clang, r-devel-windows-x86_64, r-patched-linux-x86_64, r-release-linux-x86_64