CRAN Package Check Results for Package rankinPlot

Last updated on 2025-04-30 04:50:16 CEST.

Flavor Version Tinstall Tcheck Ttotal Status Flags
r-devel-linux-x86_64-debian-clang 1.1.0 1.82 24.67 26.49 NOTE
r-devel-linux-x86_64-debian-gcc 1.1.0 1.45 19.03 20.48 NOTE
r-devel-linux-x86_64-fedora-clang 1.1.0 43.67 NOTE
r-devel-linux-x86_64-fedora-gcc 1.1.0 38.46 NOTE
r-devel-windows-x86_64 1.1.0 3.00 54.00 57.00 NOTE
r-patched-linux-x86_64 1.1.0 1.96 23.96 25.92 NOTE
r-release-linux-x86_64 1.1.0 1.88 23.58 25.46 NOTE
r-release-macos-arm64 1.1.0 19.00 NOTE
r-release-macos-x86_64 1.1.0 35.00 NOTE
r-release-windows-x86_64 1.1.0 3.00 51.00 54.00 NOTE
r-oldrel-macos-arm64 1.1.0 19.00 NOTE
r-oldrel-macos-x86_64 1.1.0 27.00 NOTE
r-oldrel-windows-x86_64 1.1.0 4.00 53.00 57.00 NOTE

Check Details

Version: 1.1.0
Check: Rd files
Result: NOTE checkRd: (-1) grottaBar.Rd:69: Lost braces in \itemize; meant \describe ? checkRd: (-1) grottaBar.Rd:70: Lost braces in \itemize; meant \describe ? checkRd: (-1) grottaBar.Rd:71: Lost braces in \itemize; meant \describe ? checkRd: (-1) grottaBar.Rd:79: Lost braces in \itemize; meant \describe ? checkRd: (-1) grottaBar.Rd:80: Lost braces in \itemize; meant \describe ? checkRd: (-1) grottaBar.Rd:81: Lost braces in \itemize; meant \describe ? checkRd: (-1) grottaBar.Rd:82: Lost braces in \itemize; meant \describe ? checkRd: (-1) grottaBar.Rd:83: Lost braces in \itemize; meant \describe ? Flavors: r-devel-linux-x86_64-debian-clang, r-devel-linux-x86_64-debian-gcc, r-devel-linux-x86_64-fedora-clang, r-devel-linux-x86_64-fedora-gcc, r-devel-windows-x86_64, r-patched-linux-x86_64, r-release-linux-x86_64, r-release-macos-arm64, r-release-macos-x86_64, r-release-windows-x86_64, r-oldrel-macos-arm64, r-oldrel-macos-x86_64, r-oldrel-windows-x86_64

Version: 1.1.0
Check: examples
Result: NOTE Examples with CPU (user + system) or elapsed time > 5s user system elapsed grottaBar 4.764 0.121 5.953 Flavor: r-devel-linux-x86_64-debian-clang